

{"id":2820,"date":"2018-03-14T08:19:48","date_gmt":"2018-03-14T08:19:48","guid":{"rendered":"http:\/\/nordwind.info\/?page_id=2820"},"modified":"2025-03-17T05:18:06","modified_gmt":"2025-03-17T05:18:06","slug":"02730-bf-mehlbergen","status":"publish","type":"page","link":"https:\/\/nordwind.info\/?page_id=2820","title":{"rendered":"02,730 &#8211; Bf Mehlbergen"},"content":{"rendered":"\n\n\t\t\t\t<div id=\"map_ol3js_1\" class=\"map undefined\" data-map_name=\"undefined\" data-map=\"map_ol3js_1\" style=\"width:100%; max-width:100%; height:450px; display:block; overflow:hidden;border:2px solid grey;\" >\n\t\t\t\t  <div id=\"map_ol3js_1_popup\" class=\"ol-popup\" >\n\t\t\t\t\t<a href=\"#\" id=\"map_ol3js_1_popup-closer\" class=\"ol-popup-closer\"><\/a>\n\t\t\t\t\t<div id=\"map_ol3js_1_popup-content\" ><\/div>\n\t\t\t\t  <\/div>\n\t\t\t\t<\/div>\n\t\t\t\n\n\t\t\t\t<script type=\"text\/javascript\">\n\t\t\t\t\ttranslations['openlayer'] = \"open layer\";\n\t\t\t\t\ttranslations['openlayerAtStartup'] = \"open layer at startup\";\n\t\t\t\t\ttranslations['generateLink'] = \"Der Link zur Karte mit ausgew\u00e4hlten Overlays und angezeigtem Ausschnitt\";\n\t\t\t\t\ttranslations['shortDescription'] = \"Kurzbeschreibung\";\n\t\t\t\t\ttranslations['generatedShortCode'] = \"to get a text control link paste this code in your wordpress editor\";\n\t\t\t\t\ttranslations['closeLayer'] = \"close layer\";\n\t\t\t\t\ttranslations['cantGenerateLink'] = \"put this string in the existing map short code to control this map\";\n\t\t\t  <\/script>\n\n\n\t\t\t  <script type=\"text\/javascript\">\n\t\t\t  vectorM['map_ol3js_1'] = [];\n\t        \n        var raster = getTileLayer(\"osm\",\"NoKey\");\t\t\t\n\n\t\t\t  var map_ol3js_1 = new ol.Map({\n\t\t\t\tinteractions: ol.interaction.defaults.defaults({mouseWheelZoom:false}),\n\t\t\t\tlayers: [raster],\n\t\t\t\ttarget: \"map_ol3js_1\",\n\t\t\t\tview: new ol.View({\n\t\t\t\t  center: ol.proj.transform([9.1594,52.6872], \"EPSG:4326\", \"EPSG:3857\"),\n\t\t\t\t  zoom: 15\n\t\t\t\t})\n\t\t\t  });\n\t\t\t  addControls2Map(map_ol3js_1,0,0,3,0,5,6,7,0,1);\nosm_addPopupClickhandler(map_ol3js_1,  \"map_ol3js_1\"); \nosm_addMouseHover(map_ol3js_1); <\/script>\n<p>Auszug OSM<\/p>\n<p><a href=\"http:\/\/nordwind.info\/wp-content\/uploads\/2018\/03\/Bildschirmfoto-2018-03-09-um-08.54.39.png\"><img loading=\"lazy\" decoding=\"async\" class=\"aligncenter size-full wp-image-2822\" src=\"http:\/\/nordwind.info\/wp-content\/uploads\/2018\/03\/Bildschirmfoto-2018-03-09-um-08.54.39.png\" alt=\"\" width=\"816\" height=\"583\" srcset=\"https:\/\/nordwind.info\/wp-content\/uploads\/2018\/03\/Bildschirmfoto-2018-03-09-um-08.54.39.png 816w, https:\/\/nordwind.info\/wp-content\/uploads\/2018\/03\/Bildschirmfoto-2018-03-09-um-08.54.39-300x214.png 300w, https:\/\/nordwind.info\/wp-content\/uploads\/2018\/03\/Bildschirmfoto-2018-03-09-um-08.54.39-768x549.png 768w\" sizes=\"auto, (max-width: 816px) 100vw, 816px\" \/><\/a>Kartenauszug\u00a0<a href=\"http:\/\/www.openrailwaymap.org\/mobile.php?searchquery=&amp;lang=de\" target=\"_blank\" rel=\"noopener noreferrer\">OpenRailwayMap<\/a>\u00a0 &#8211; \u00dcbersicht <a href=\"http:\/\/dg3of.de\/?page_id=369\">Strecke 1744<\/a><\/p>\n<p><a href=\"http:\/\/nordwind.info\/wp-content\/uploads\/2018\/03\/01-Mehlbergen.jpg\"><img loading=\"lazy\" decoding=\"async\" class=\"aligncenter size-full wp-image-2823\" src=\"http:\/\/nordwind.info\/wp-content\/uploads\/2018\/03\/01-Mehlbergen.jpg\" alt=\"\" width=\"733\" height=\"540\" srcset=\"https:\/\/nordwind.info\/wp-content\/uploads\/2018\/03\/01-Mehlbergen.jpg 733w, https:\/\/nordwind.info\/wp-content\/uploads\/2018\/03\/01-Mehlbergen-300x221.jpg 300w\" sizes=\"auto, (max-width: 733px) 100vw, 733px\" \/><\/a>Kartenauszug TK 1:25000 (Reichsamt f\u00fcr Landesvermessung 1945)<\/p>\n<p><a href=\"http:\/\/nordwind.info\/wp-content\/uploads\/2018\/03\/01-Mehlbergen-Bf-Lageplan-Bahn.jpg\"><img loading=\"lazy\" decoding=\"async\" class=\"aligncenter size-large wp-image-2824\" src=\"http:\/\/nordwind.info\/wp-content\/uploads\/2018\/03\/01-Mehlbergen-Bf-Lageplan-Bahn-1024x349.jpg\" alt=\"\" width=\"640\" height=\"218\" srcset=\"https:\/\/nordwind.info\/wp-content\/uploads\/2018\/03\/01-Mehlbergen-Bf-Lageplan-Bahn-1024x349.jpg 1024w, https:\/\/nordwind.info\/wp-content\/uploads\/2018\/03\/01-Mehlbergen-Bf-Lageplan-Bahn-300x102.jpg 300w, https:\/\/nordwind.info\/wp-content\/uploads\/2018\/03\/01-Mehlbergen-Bf-Lageplan-Bahn-768x262.jpg 768w\" sizes=\"auto, (max-width: 640px) 100vw, 640px\" \/><\/a><\/p>\n<p>Lageplan, Zustand 1954<\/p>\n<p><a href=\"http:\/\/nordwind.info\/wp-content\/uploads\/2018\/03\/Mehlbergen-1981.jpg\"><img loading=\"lazy\" decoding=\"async\" class=\"aligncenter size-large wp-image-2826\" src=\"http:\/\/nordwind.info\/wp-content\/uploads\/2018\/03\/Mehlbergen-1981-1024x631.jpg\" alt=\"\" width=\"640\" height=\"394\" srcset=\"https:\/\/nordwind.info\/wp-content\/uploads\/2018\/03\/Mehlbergen-1981-1024x631.jpg 1024w, https:\/\/nordwind.info\/wp-content\/uploads\/2018\/03\/Mehlbergen-1981-300x185.jpg 300w, https:\/\/nordwind.info\/wp-content\/uploads\/2018\/03\/Mehlbergen-1981-768x473.jpg 768w\" sizes=\"auto, (max-width: 640px) 100vw, 640px\" \/><\/a><\/p>\n<p>Lageplan, Zustand 1981<\/p>\n<table>\n<tbody>\n<tr>\n<td><a href=\"http:\/\/nordwind.info\/wp-content\/uploads\/2018\/03\/02000-EBR-Dornstra\u00dfe-W-O-1.jpg\"><img loading=\"lazy\" decoding=\"async\" class=\"aligncenter size-large wp-image-2834\" src=\"http:\/\/nordwind.info\/wp-content\/uploads\/2018\/03\/02000-EBR-Dornstra\u00dfe-W-O-1-1024x574.jpg\" alt=\"\" width=\"640\" height=\"359\" srcset=\"https:\/\/nordwind.info\/wp-content\/uploads\/2018\/03\/02000-EBR-Dornstra\u00dfe-W-O-1-1024x574.jpg 1024w, https:\/\/nordwind.info\/wp-content\/uploads\/2018\/03\/02000-EBR-Dornstra\u00dfe-W-O-1-300x168.jpg 300w, https:\/\/nordwind.info\/wp-content\/uploads\/2018\/03\/02000-EBR-Dornstra\u00dfe-W-O-1-768x431.jpg 768w, https:\/\/nordwind.info\/wp-content\/uploads\/2018\/03\/02000-EBR-Dornstra\u00dfe-W-O-1.jpg 1280w\" sizes=\"auto, (max-width: 640px) 100vw, 640px\" \/><\/a><\/td>\n<td><a href=\"http:\/\/nordwind.info\/wp-content\/uploads\/2018\/03\/02000-EBR-Dornstra\u00dfe-W.jpg\"><img loading=\"lazy\" decoding=\"async\" class=\"aligncenter size-large wp-image-2835\" src=\"http:\/\/nordwind.info\/wp-content\/uploads\/2018\/03\/02000-EBR-Dornstra\u00dfe-W-1024x576.jpg\" alt=\"\" width=\"640\" height=\"360\" srcset=\"https:\/\/nordwind.info\/wp-content\/uploads\/2018\/03\/02000-EBR-Dornstra\u00dfe-W-1024x576.jpg 1024w, https:\/\/nordwind.info\/wp-content\/uploads\/2018\/03\/02000-EBR-Dornstra\u00dfe-W-300x169.jpg 300w, https:\/\/nordwind.info\/wp-content\/uploads\/2018\/03\/02000-EBR-Dornstra\u00dfe-W-768x432.jpg 768w, https:\/\/nordwind.info\/wp-content\/uploads\/2018\/03\/02000-EBR-Dornstra\u00dfe-W.jpg 1280w\" sizes=\"auto, (max-width: 640px) 100vw, 640px\" \/><\/a><\/td>\n<\/tr>\n<\/tbody>\n<\/table>\n<p>02,000 &#8211; EBR Dornstra\u00dfe W-O \/ O-W<\/p>\n<p><a href=\"http:\/\/nordwind.info\/wp-content\/uploads\/2018\/03\/Mehlbergen.jpg\"><img loading=\"lazy\" decoding=\"async\" class=\"aligncenter size-large wp-image-2827\" src=\"http:\/\/nordwind.info\/wp-content\/uploads\/2018\/03\/Mehlbergen-1024x678.jpg\" alt=\"\" width=\"640\" height=\"424\" srcset=\"https:\/\/nordwind.info\/wp-content\/uploads\/2018\/03\/Mehlbergen-1024x678.jpg 1024w, https:\/\/nordwind.info\/wp-content\/uploads\/2018\/03\/Mehlbergen-300x199.jpg 300w, https:\/\/nordwind.info\/wp-content\/uploads\/2018\/03\/Mehlbergen-768x509.jpg 768w, https:\/\/nordwind.info\/wp-content\/uploads\/2018\/03\/Mehlbergen.jpg 2048w\" sizes=\"auto, (max-width: 640px) 100vw, 640px\" \/><\/a>02,700 &#8211; Nebengeb\u00e4ude \/ Abort<\/p>\n<p><a href=\"http:\/\/nordwind.info\/wp-content\/uploads\/2018\/03\/02700-Mehlbergen.jpg\"><img loading=\"lazy\" decoding=\"async\" class=\"aligncenter size-large wp-image-2828\" src=\"http:\/\/nordwind.info\/wp-content\/uploads\/2018\/03\/02700-Mehlbergen-1024x707.jpg\" alt=\"\" width=\"640\" height=\"442\" srcset=\"https:\/\/nordwind.info\/wp-content\/uploads\/2018\/03\/02700-Mehlbergen-1024x707.jpg 1024w, https:\/\/nordwind.info\/wp-content\/uploads\/2018\/03\/02700-Mehlbergen-300x207.jpg 300w, https:\/\/nordwind.info\/wp-content\/uploads\/2018\/03\/02700-Mehlbergen-768x530.jpg 768w, https:\/\/nordwind.info\/wp-content\/uploads\/2018\/03\/02700-Mehlbergen.jpg 2048w\" sizes=\"auto, (max-width: 640px) 100vw, 640px\" \/><\/a>02,700 Bf Mehlbergen, Gleisseite<\/p>\n<p><a href=\"http:\/\/nordwind.info\/wp-content\/uploads\/2018\/03\/02700-Bf-Mehlbergen-Einfahrt-aus-Richtung-Nienburg.jpg\"><img loading=\"lazy\" decoding=\"async\" class=\"aligncenter size-large wp-image-2829\" src=\"http:\/\/nordwind.info\/wp-content\/uploads\/2018\/03\/02700-Bf-Mehlbergen-Einfahrt-aus-Richtung-Nienburg-1024x634.jpg\" alt=\"\" width=\"640\" height=\"396\" srcset=\"https:\/\/nordwind.info\/wp-content\/uploads\/2018\/03\/02700-Bf-Mehlbergen-Einfahrt-aus-Richtung-Nienburg-1024x634.jpg 1024w, https:\/\/nordwind.info\/wp-content\/uploads\/2018\/03\/02700-Bf-Mehlbergen-Einfahrt-aus-Richtung-Nienburg-300x186.jpg 300w, https:\/\/nordwind.info\/wp-content\/uploads\/2018\/03\/02700-Bf-Mehlbergen-Einfahrt-aus-Richtung-Nienburg-768x475.jpg 768w, https:\/\/nordwind.info\/wp-content\/uploads\/2018\/03\/02700-Bf-Mehlbergen-Einfahrt-aus-Richtung-Nienburg.jpg 1280w\" sizes=\"auto, (max-width: 640px) 100vw, 640px\" \/><\/a>02,700 &#8211; Bf Mehlbergen, Einfahrt aus Richtung Nienburg (Foto H.-G. Tasto)<\/p>\n<p><a href=\"http:\/\/nordwind.info\/wp-content\/uploads\/2018\/03\/02729-Bf-Mehlbergen-Stra\u00dfe.jpg\"><img loading=\"lazy\" decoding=\"async\" class=\"aligncenter size-large wp-image-2831\" src=\"http:\/\/nordwind.info\/wp-content\/uploads\/2018\/03\/02729-Bf-Mehlbergen-Stra\u00dfe-1024x512.jpg\" alt=\"\" width=\"640\" height=\"320\" srcset=\"https:\/\/nordwind.info\/wp-content\/uploads\/2018\/03\/02729-Bf-Mehlbergen-Stra\u00dfe-1024x512.jpg 1024w, https:\/\/nordwind.info\/wp-content\/uploads\/2018\/03\/02729-Bf-Mehlbergen-Stra\u00dfe-300x150.jpg 300w, https:\/\/nordwind.info\/wp-content\/uploads\/2018\/03\/02729-Bf-Mehlbergen-Stra\u00dfe-768x384.jpg 768w, https:\/\/nordwind.info\/wp-content\/uploads\/2018\/03\/02729-Bf-Mehlbergen-Stra\u00dfe.jpg 1731w\" sizes=\"auto, (max-width: 640px) 100vw, 640px\" \/><\/a>02,700 &#8211; Bf Mehlbergen, Bahnhofsgeb\u00e4ude Stra\u00dfenseite<a href=\"http:\/\/nordwind.info\/wp-content\/uploads\/2018\/03\/02730-Bf-Mehlbergen-Gleis.jpg\"><img loading=\"lazy\" decoding=\"async\" class=\"aligncenter size-large wp-image-2832\" src=\"http:\/\/nordwind.info\/wp-content\/uploads\/2018\/03\/02730-Bf-Mehlbergen-Gleis-1024x512.jpg\" alt=\"\" width=\"640\" height=\"320\" srcset=\"https:\/\/nordwind.info\/wp-content\/uploads\/2018\/03\/02730-Bf-Mehlbergen-Gleis-1024x512.jpg 1024w, https:\/\/nordwind.info\/wp-content\/uploads\/2018\/03\/02730-Bf-Mehlbergen-Gleis-300x150.jpg 300w, https:\/\/nordwind.info\/wp-content\/uploads\/2018\/03\/02730-Bf-Mehlbergen-Gleis-768x384.jpg 768w, https:\/\/nordwind.info\/wp-content\/uploads\/2018\/03\/02730-Bf-Mehlbergen-Gleis.jpg 1731w\" sizes=\"auto, (max-width: 640px) 100vw, 640px\" \/><\/a>02,700 &#8211; Bf Mehlbergen, Bahnhofsgeb\u00e4ude Gleisseite<\/p>\n<p><a href=\"http:\/\/nordwind.info\/wp-content\/uploads\/2018\/03\/02730Mehlbergen-BL-3.jpg\"><img loading=\"lazy\" decoding=\"async\" class=\"aligncenter size-full wp-image-2830\" src=\"http:\/\/nordwind.info\/wp-content\/uploads\/2018\/03\/02730Mehlbergen-BL-3.jpg\" alt=\"\" width=\"640\" height=\"427\" srcset=\"https:\/\/nordwind.info\/wp-content\/uploads\/2018\/03\/02730Mehlbergen-BL-3.jpg 640w, https:\/\/nordwind.info\/wp-content\/uploads\/2018\/03\/02730Mehlbergen-BL-3-300x200.jpg 300w\" sizes=\"auto, (max-width: 640px) 100vw, 640px\" \/><\/a>02,700 &#8211; Bf Mehlbergen, Bahnsteig &#8211; Fahrtrichtung Nienburg<\/p>\n<table>\n<tbody>\n<tr>\n<td><a href=\"http:\/\/nordwind.info\/wp-content\/uploads\/2018\/03\/03500-STBR-1.jpg\"><img loading=\"lazy\" decoding=\"async\" class=\"aligncenter size-large wp-image-2839\" src=\"http:\/\/nordwind.info\/wp-content\/uploads\/2018\/03\/03500-STBR-1-1024x576.jpg\" alt=\"\" width=\"640\" height=\"360\" srcset=\"https:\/\/nordwind.info\/wp-content\/uploads\/2018\/03\/03500-STBR-1-1024x576.jpg 1024w, https:\/\/nordwind.info\/wp-content\/uploads\/2018\/03\/03500-STBR-1-300x169.jpg 300w, https:\/\/nordwind.info\/wp-content\/uploads\/2018\/03\/03500-STBR-1-768x432.jpg 768w, https:\/\/nordwind.info\/wp-content\/uploads\/2018\/03\/03500-STBR-1.jpg 1280w\" sizes=\"auto, (max-width: 640px) 100vw, 640px\" \/><\/a><\/td>\n<td><a href=\"http:\/\/nordwind.info\/wp-content\/uploads\/2018\/03\/03501-STBR.jpg\"><img loading=\"lazy\" decoding=\"async\" class=\"aligncenter size-large wp-image-2840\" src=\"http:\/\/nordwind.info\/wp-content\/uploads\/2018\/03\/03501-STBR-1024x576.jpg\" alt=\"\" width=\"640\" height=\"360\" srcset=\"https:\/\/nordwind.info\/wp-content\/uploads\/2018\/03\/03501-STBR-1024x576.jpg 1024w, https:\/\/nordwind.info\/wp-content\/uploads\/2018\/03\/03501-STBR-300x169.jpg 300w, https:\/\/nordwind.info\/wp-content\/uploads\/2018\/03\/03501-STBR-768x432.jpg 768w, https:\/\/nordwind.info\/wp-content\/uploads\/2018\/03\/03501-STBR.jpg 1280w\" sizes=\"auto, (max-width: 640px) 100vw, 640px\" \/><\/a><\/td>\n<\/tr>\n<\/tbody>\n<\/table>\n<p>03,500 STBR Feldweg<\/p>\n<table>\n<tbody>\n<tr>\n<td><a href=\"http:\/\/nordwind.info\/wp-content\/uploads\/2018\/03\/03800-STBR-Feldweg-04.jpg\"><img loading=\"lazy\" decoding=\"async\" class=\"aligncenter size-large wp-image-2841\" src=\"http:\/\/nordwind.info\/wp-content\/uploads\/2018\/03\/03800-STBR-Feldweg-04-1024x576.jpg\" alt=\"\" width=\"640\" height=\"360\" srcset=\"https:\/\/nordwind.info\/wp-content\/uploads\/2018\/03\/03800-STBR-Feldweg-04-1024x576.jpg 1024w, https:\/\/nordwind.info\/wp-content\/uploads\/2018\/03\/03800-STBR-Feldweg-04-300x169.jpg 300w, https:\/\/nordwind.info\/wp-content\/uploads\/2018\/03\/03800-STBR-Feldweg-04-768x432.jpg 768w, https:\/\/nordwind.info\/wp-content\/uploads\/2018\/03\/03800-STBR-Feldweg-04.jpg 1280w\" sizes=\"auto, (max-width: 640px) 100vw, 640px\" \/><\/a><\/td>\n<td><a href=\"http:\/\/nordwind.info\/wp-content\/uploads\/2018\/03\/03800-STBR-Feldweg-02.jpg\"><img loading=\"lazy\" decoding=\"async\" class=\"aligncenter size-large wp-image-2842\" src=\"http:\/\/nordwind.info\/wp-content\/uploads\/2018\/03\/03800-STBR-Feldweg-02-1024x576.jpg\" alt=\"\" width=\"640\" height=\"360\" srcset=\"https:\/\/nordwind.info\/wp-content\/uploads\/2018\/03\/03800-STBR-Feldweg-02-1024x576.jpg 1024w, https:\/\/nordwind.info\/wp-content\/uploads\/2018\/03\/03800-STBR-Feldweg-02-300x169.jpg 300w, https:\/\/nordwind.info\/wp-content\/uploads\/2018\/03\/03800-STBR-Feldweg-02-768x432.jpg 768w, https:\/\/nordwind.info\/wp-content\/uploads\/2018\/03\/03800-STBR-Feldweg-02.jpg 1280w\" sizes=\"auto, (max-width: 640px) 100vw, 640px\" \/><\/a><\/td>\n<\/tr>\n<\/tbody>\n<\/table>\n<p>03,800 STBR Feldweg<\/p>\n<p><a href=\"http:\/\/nordwind.info\/wp-content\/uploads\/2018\/03\/03800-STBR-Feldweg-01.jpg\"><img loading=\"lazy\" decoding=\"async\" class=\"aligncenter size-large wp-image-2838\" src=\"http:\/\/nordwind.info\/wp-content\/uploads\/2018\/03\/03800-STBR-Feldweg-01-1024x576.jpg\" alt=\"\" width=\"640\" height=\"360\" srcset=\"https:\/\/nordwind.info\/wp-content\/uploads\/2018\/03\/03800-STBR-Feldweg-01-1024x576.jpg 1024w, https:\/\/nordwind.info\/wp-content\/uploads\/2018\/03\/03800-STBR-Feldweg-01-300x169.jpg 300w, https:\/\/nordwind.info\/wp-content\/uploads\/2018\/03\/03800-STBR-Feldweg-01-768x432.jpg 768w, https:\/\/nordwind.info\/wp-content\/uploads\/2018\/03\/03800-STBR-Feldweg-01.jpg 1280w\" sizes=\"auto, (max-width: 640px) 100vw, 640px\" \/><\/a>03,800<\/p>\n<ul>\n<li>&gt;&gt;&gt; <a href=\"http:\/\/nordwind.info\/?page_id=2848\" target=\"_blank\" rel=\"noopener noreferrer\">Blenhorst, Hpu<\/a><\/li>\n<li>&lt;&lt;&lt; <a href=\"http:\/\/nordwind.info\/?page_id=2793\">Lohe, Abzw<\/a><\/li>\n<\/ul>\n<p><a href=\"http:\/\/nordwind.info\/wp-content\/uploads\/2018\/03\/sh2schluss.gif\"><img loading=\"lazy\" decoding=\"async\" class=\"aligncenter size-full wp-image-2750\" src=\"http:\/\/nordwind.info\/wp-content\/uploads\/2018\/03\/sh2schluss.gif\" alt=\"\" width=\"45\" height=\"66\" \/><\/a><\/p>\n<p><a href=\"#\">Nach oben<\/a><\/p>\n","protected":false},"excerpt":{"rendered":"<p>Auszug OSM Kartenauszug\u00a0OpenRailwayMap\u00a0 &#8211; \u00dcbersicht Strecke 1744 Kartenauszug TK 1:25000 (Reichsamt f\u00fcr Landesvermessung 1945) Lageplan, Zustand 1954 Lageplan, Zustand 1981 02,000 &#8211; EBR Dornstra\u00dfe W-O \/ O-W 02,700 &#8211; Nebengeb\u00e4ude \/ Abort 02,700 Bf Mehlbergen, Gleisseite 02,700 &#8211; Bf Mehlbergen, &hellip; <a href=\"https:\/\/nordwind.info\/?page_id=2820\">Weiterlesen <span class=\"meta-nav\">&rarr;<\/span><\/a><\/p>\n","protected":false},"author":1,"featured_media":0,"parent":2777,"menu_order":0,"comment_status":"closed","ping_status":"closed","template":"","meta":{"footnotes":""},"class_list":["post-2820","page","type-page","status-publish","hentry"],"_links":{"self":[{"href":"https:\/\/nordwind.info\/index.php?rest_route=\/wp\/v2\/pages\/2820","targetHints":{"allow":["GET"]}}],"collection":[{"href":"https:\/\/nordwind.info\/index.php?rest_route=\/wp\/v2\/pages"}],"about":[{"href":"https:\/\/nordwind.info\/index.php?rest_route=\/wp\/v2\/types\/page"}],"author":[{"embeddable":true,"href":"https:\/\/nordwind.info\/index.php?rest_route=\/wp\/v2\/users\/1"}],"replies":[{"embeddable":true,"href":"https:\/\/nordwind.info\/index.php?rest_route=%2Fwp%2Fv2%2Fcomments&post=2820"}],"version-history":[{"count":9,"href":"https:\/\/nordwind.info\/index.php?rest_route=\/wp\/v2\/pages\/2820\/revisions"}],"predecessor-version":[{"id":13980,"href":"https:\/\/nordwind.info\/index.php?rest_route=\/wp\/v2\/pages\/2820\/revisions\/13980"}],"up":[{"embeddable":true,"href":"https:\/\/nordwind.info\/index.php?rest_route=\/wp\/v2\/pages\/2777"}],"wp:attachment":[{"href":"https:\/\/nordwind.info\/index.php?rest_route=%2Fwp%2Fv2%2Fmedia&parent=2820"}],"curies":[{"name":"wp","href":"https:\/\/api.w.org\/{rel}","templated":true}]}}