{"id":2760,"date":"2018-03-14T05:58:59","date_gmt":"2018-03-14T05:58:59","guid":{"rendered":"http:\/\/nordwind.info\/?page_id=2760"},"modified":"2024-12-18T05:11:47","modified_gmt":"2024-12-18T05:11:47","slug":"1743-nienburg-weser-rahden-westf","status":"publish","type":"page","link":"https:\/\/nordwind.info\/?page_id=2760","title":{"rendered":"1743 Nienburg (Weser) &#8211; Rahden (Westf)"},"content":{"rendered":"<table>\n<colgroup>\n<col \/>\n<col \/><\/colgroup>\n<tbody>\n<tr>\n<td class=\"\">\n<div>Bezeichnung:<\/div>\n<\/td>\n<td class=\"\">Nienburg (Weser) &#8211; Rahden (Westf)<\/td>\n<\/tr>\n<tr>\n<td class=\"\">\n<div>Strecken-Nr.:<\/div>\n<\/td>\n<td class=\"\">1743<\/td>\n<\/tr>\n<tr>\n<td class=\"\">\n<div>Fahrplan:<\/div>\n<\/td>\n<td class=\"\">\n<div><a href=\"http:\/\/pkjs.de\/bahn\/Kursbuch1944\/Teil2\/219f.jpg\">219g<\/a> &#8211; Kursbuch DR 1944<\/div>\n<div><a href=\"http:\/\/nordwind.info\/wp-content\/uploads\/2018\/03\/219-b1.jpg\">219b<\/a> &#8211; Kursbuch DB 1956<\/div>\n<div><a href=\"http:\/\/nordwind.info\/wp-content\/uploads\/2018\/03\/219-b.jpg\">219b<\/a> &#8211; Kursbuch DB 1960<\/div>\n<\/td>\n<\/tr>\n<tr>\n<td class=\"\">\n<div>L\u00e4nge:<\/div>\n<\/td>\n<td class=\"\">\n<div>58,8 Kilometer<\/div>\n<\/td>\n<\/tr>\n<tr>\n<td class=\"\">\n<div>Spurweite:<\/div>\n<\/td>\n<td class=\"\">\n<div>1435 mm (Normalspur),\u00a0nicht elektrifiziert<\/div>\n<\/td>\n<\/tr>\n<tr>\n<td class=\"\">\n<div>Nutzungen:<\/div>\n<\/td>\n<td class=\"\">\n<div>\n<div><a href=\"https:\/\/de.wikipedia.org\/wiki\/Deutsche_Reichsbahn_(1920\u20131945)\">Deutsche Reichsbahn<\/a> (1920 &#8211; 1945)<\/div>\n<div><a href=\"https:\/\/de.wikipedia.org\/wiki\/Deutsche_Bundesbahn\">Deutsche Bundesbahn<\/a> (1945 &#8211; 1993)<\/div>\n<div><a href=\"https:\/\/de.wikipedia.org\/wiki\/Deutsche_Bahn\">Deutsche Bahn AG<\/a> (ab 1994)<\/div>\n<\/div>\n<div>Museumseisenbahn (Uchte &#8211; Rahden)<\/div>\n<\/td>\n<\/tr>\n<tr>\n<td class=\"\">\n<div>Er\u00f6ffnung:<\/div>\n<\/td>\n<td class=\"\">15. Januar 1910<\/td>\n<\/tr>\n<tr>\n<td class=\"\">\n<div>Schlie\u00dfung:<\/div>\n<\/td>\n<td class=\"\">\n<div>26. Mai 1968 (Personenverkehr)<\/div>\n<div>29. Mai 1994 (Liebenau &#8211; Steyerberg)<\/div>\n<div>R\u00fcckbau 1995 (Uchte &#8211; Liebenau)<\/div>\n<\/td>\n<\/tr>\n<tr>\n<td class=\"\">\n<div>Fundstellen:<\/div>\n<\/td>\n<td class=\"\">\n<div>Wiki \u00a0\u2013 <a href=\"https:\/\/de.wikipedia.org\/wiki\/Bahnstrecke_Nienburg\u2013Rahden\">Nienburg &#8211; Rahden<\/a><\/div>\n<div>Karte \u2013 <a href=\"https:\/\/www.openrailwaymap.org\/mobile.php?searchquery=&amp;lang=de\" target=\"_blank\" rel=\"noopener noreferrer\">OpenRailwayMap<\/a><\/div>\n<div>Karte \u2013 <a href=\"http:\/\/nordwind.info\/wp-content\/uploads\/2018\/11\/Hannover-4000.jpg\">Streckenkarte 1945<\/a> (Hannover)<\/div>\n<div>Karte \u2013 <a href=\"http:\/\/nordwind.info\/wp-content\/uploads\/2017\/09\/Hannover-BD-Hannover-1950.jpg\">Betriebskarte 1950<\/a> (BD Hannover 1959)<\/div>\n<div>Karte \u2013\u00a0<a href=\"http:\/\/nordwind.info\/wp-content\/uploads\/2017\/09\/Deutschland-Karte-Kursbuch-1956.jpg\">Kursbuch 1956<\/a>\u00a0\u2013 Gesamtausgabe<\/div>\n<div>Pl\u00e4ne \u2013 <a href=\"http:\/\/pkjs.de\/bahn\/Kursbuch1944\/Kursbuchtitel.html\">Jahresfahrplan 1944\/1945<\/a>, pkjs<\/div>\n<\/td>\n<\/tr>\n<tr>\n<td class=\"\">\n<div>Streckenband:<\/div>\n<\/td>\n<td class=\"\">\n<div>00,000 &#8211;\u00a0<a href=\"http:\/\/nordwind.info\/?page_id=3041\">Bf Nienburg (Weser)<\/a><\/div>\n<div style=\"padding-left: 40px;\">Abzw\u00a0<a href=\"http:\/\/location-x.info\/?page_id=14820\" target=\"_blank\" rel=\"noopener noreferrer\">1740<\/a>\u00a0nachBremerhaven-Seehafen<\/div>\n<div style=\"padding-left: 40px;\">Abzw\u00a0<a href=\"http:\/\/location-x.info\/?page_id=14823\" target=\"_blank\" rel=\"noopener noreferrer\">1741<\/a>\u00a0nach Minden (Westf)<\/div>\n<div>00,200 &#8211; EBR Verdener Landstra\u00dfe<\/div>\n<div>00,300 &#8211; EBR K\u00f6nigsstra\u00dfe<\/div>\n<div>01,600 &#8211; <em>EBR <a href=\"http:\/\/dg3of.de\/wp-content\/uploads\/2017\/10\/1743_001600-STBR-Carlotastra\u00dfe-Fu\u00dfg\u00e4ngerbr\u00fccke-Nienburg.jpg\">Carlotastra\u00dfe<\/a><\/em> (abgebaut)<\/div>\n<div>02,160 &#8211; B\u00dc Drakenburger Stra\u00dfe<\/div>\n<div>02,564 &#8211; EBR Thiesenhusen (Feldweg)<\/div>\n<div>02,800 &#8211; EBR Feldweg<\/div>\n<div>03,000 &#8211; <a href=\"http:\/\/nordwind.info\/?page_id=3039\">EBR Holtorfer Marsch<\/a> (Vorflutbr\u00fccken)<\/div>\n<div>03,800 &#8211; EBR Feldweg<\/div>\n<div>04,500 &#8211; <a href=\"http:\/\/nordwind.info\/?page_id=3043\">EBR Weser<\/a><\/div>\n<div>04,900 &#8211; EBR Feldweg<\/div>\n<div>05,400 &#8211;\u00a0<a href=\"http:\/\/nordwind.info\/?page_id=3046\">Abzw Lohe<\/a><\/div>\n<div style=\"padding-left: 40px;\">Abzw\u00a0<a href=\"http:\/\/nordwind.info\/?page_id=2777\">1744<\/a>\u00a0Abzw Lohe &#8211; Diepholz<\/div>\n<div>05,486 &#8211; EBR <a href=\"http:\/\/dg3of.de\/wp-content\/uploads\/2017\/03\/05485-EBR-An-der-Beeke-O-W-1.jpg\">An der Beeke<\/a><\/div>\n<div>06,050 &#8211; EBR <a href=\"http:\/\/dg3of.de\/wp-content\/uploads\/2017\/03\/06050-EBR-O-W-1.jpg\">Feldweg<\/a> (ehem Feldbahn)<\/div>\n<div>06,228 &#8211; EBR Am Rathaus<\/div>\n<div>06,542 &#8211; B\u00dc Nienburger Stra\u00dfe (ehem. B6)<\/div>\n<div>06,800 &#8211;\u00a0<a title=\"06,800 \u2013 Bf Lemke\" href=\"http:\/\/dg3of.de\/?page_id=643\">Bf Lemke<\/a><\/div>\n<div>07,197 &#8211; B\u00dc Gewerbegebiet<\/div>\n<div>08,247 &#8211; B\u00dc Kroger Stra\u00dfe<\/div>\n<div>08,618 &#8211; B\u00dc Am Blanken Ende<\/div>\n<div>08,700 &#8211;\u00a0<a href=\"http:\/\/nordwind.info\/?page_id=3055\">Hpu Oyle<\/a><\/div>\n<div>09,985 &#8211; B\u00dc Dorfstra\u00dfe<\/div>\n<div>10,100 &#8211;\u00a0<a href=\"http:\/\/nordwind.info\/?page_id=3095\">Bf Binnen-B\u00fchren<\/a><\/div>\n<div>10,500 &#8211; EBR Feldweg<\/div>\n<div>11,290 &#8211; B\u00dc Bergstra\u00dfe<\/div>\n<div>12,550 &#8211; EBR Binner Schlucht<\/div>\n<div>13,500 &#8211; STBR Arkenberk<\/div>\n<div>14,000 &#8211; EBR Arkenberger Weg<\/div>\n<div>14,500 &#8211; EBR <a href=\"http:\/\/nordwind.info\/wp-content\/uploads\/2018\/03\/14500-EBR-Liebenauer-Aue03.jpg\">Liebenauer Aue<\/a><\/div>\n<div>14,585 &#8211; B\u00dc Bahnhofstra\u00dfe<\/div>\n<div>14,800 &#8211;\u00a0<a href=\"http:\/\/nordwind.info\/?page_id=3093\">Bf Liebenau (Han)<\/a><\/div>\n<div style=\"padding-left: 40px;\">Agl ehem.\u00a0<a title=\"Liebenau, Weserhafen\" href=\"http:\/\/location-x.info\/?page_id=815\">Weserhafen Liebenau<\/a><\/div>\n<div style=\"padding-left: 40px;\">Agl ehem.\u00a0<a title=\"Liebenau, Eibia Pulverfabrik Anlage Karl\" href=\"http:\/\/location-x.info\/?page_id=821\">Eibia Pulverfabrik Anlage Karl<\/a><\/div>\n<div>15,400 &#8211; B\u00dc Hafenstra\u00dfe<\/div>\n<div>15,420 &#8211; EBR <a href=\"http:\/\/nordwind.info\/wp-content\/uploads\/2018\/03\/15410-EBR-ex-Gleisunterf\u00fchrung-Hafen-1.jpg\">Hafenstra\u00dfe \/ Munagleis<\/a><\/div>\n<div>16,514 &#8211; B\u00dc L 351 Stolzenauer Stra\u00dfe<\/div>\n<div>18,116 &#8211; B\u00dc Feldweg<\/div>\n<div>18,606 &#8211; B\u00dc Reese \/ Wellie<\/div>\n<div>18,700 &#8211;\u00a0<a href=\"http:\/\/nordwind.info\/?page_id=3091\">Hpu Wellie<\/a><\/div>\n<div>19,839 &#8211; B\u00dc Feldweg<\/div>\n<div>20,862 &#8211; B\u00dc Feldweg<\/div>\n<div>21,380 &#8211; B\u00dc Feldweg<\/div>\n<div>21,758 &#8211; B\u00dc L 349<\/div>\n<div>21,900 &#8211;\u00a0<a href=\"http:\/\/nordwind.info\/?page_id=3087\">Bf Steyerberg<\/a><\/div>\n<div>22,773 &#8211; B\u00dc Feldweg<\/div>\n<div>24,900 &#8211;\u00a0<a href=\"http:\/\/nordwind.info\/?page_id=3083\">Hpu Bruchhagen<\/a><\/div>\n<div>29,600 &#8211;\u00a0<a href=\"http:\/\/nordwind.info\/?page_id=3080\">Bf Hoysinghausen<\/a><\/div>\n<div>32,000 &#8211; EBR <a href=\"http:\/\/nordwind.info\/wp-content\/uploads\/2019\/11\/32000-EBR-S\u00fcd-Nord-1.jpg\">Wirtschaftsweg<\/a><\/div>\n<div>33,500 &#8211;\u00a0<a href=\"http:\/\/nordwind.info\/?page_id=3078\">Bf Uchte<\/a><\/div>\n<div>33,590 &#8211; B\u00dc Am Bahnhof<\/div>\n<div>33,950 &#8211; B\u00dc Auf der Kuckucksweide<\/div>\n<div>34,250 &#8211; B\u00dc Am M\u00fchlenberg<\/div>\n<div style=\"padding-left: 40px;\">Abzw<em>\u00a0<a title=\"215 b Wunstorf \u2013 Uchte\" href=\"http:\/\/location-x.info\/?page_id=14963\">215 b<\/a>\u00a0Wunstorf &#8211; Uchte (StMB)<\/em><\/div>\n<div style=\"padding-left: 40px;\">Abzw\u00a0<em><a title=\"219 m Minden \u2013 Uchte\" href=\"http:\/\/location-x.info\/?page_id=15253\">219 m<\/a>\u00a0Minden (Westf) &#8211; Uchte (MKB)<\/em><\/div>\n<div>35,532 &#8211; EBR H\u00f6fener Stra\u00dfe<\/div>\n<div>36,288 &#8211; STBR B61<\/div>\n<div>40,400 &#8211;\u00a0<a href=\"http:\/\/nordwind.info\/?page_id=3076\">Bf Warmsen<\/a><\/div>\n<div>44,800 &#8211;\u00a0<a href=\"http:\/\/nordwind.info\/?page_id=3073\">Bf Bohnhorst<\/a><\/div>\n<div>49,500 &#8211;\u00a0<a href=\"http:\/\/nordwind.info\/?page_id=3070\">Bf Lavelsloh-Diepenau<\/a><\/div>\n<div>52,200 &#8211;\u00a0<a href=\"http:\/\/nordwind.info\/?page_id=3067\">Hpu Hahnenkamp<\/a><\/div>\n<div>53,775 &#8211; B\u00dc Feldweg<\/div>\n<div>54,514 &#8211; B\u00dc K341<\/div>\n<div>54,700 &#8211;\u00a0<a href=\"http:\/\/nordwind.info\/?page_id=3064\">Bf Tonnenheide<\/a><\/div>\n<div>55,248 &#8211; B\u00dc Feldweg<\/div>\n<div>55,656 &#8211; B\u00dc Feldweg<\/div>\n<div>55,984 &#8211; B\u00dc Feldweg<\/div>\n<div>56,755 &#8211; B\u00dc Feldweg<\/div>\n<div>57,582 &#8211; B\u00dc K 3413<\/div>\n<div>58,228 &#8211; B\u00dc Bahnhofstra\u00dfe<\/div>\n<div style=\"padding-left: 40px;\">Abzw 2982\u00a0B\u00fcnde (Westf) &#8211; Bassum<\/div>\n<div>58,800 &#8211;\u00a0<a href=\"http:\/\/nordwind.info\/?page_id=3061\">Bf Rahden (Westf)<\/a><\/div>\n<\/td>\n<\/tr>\n<\/tbody>\n<\/table>\n<p><a href=\"http:\/\/nordwind.info\/wp-content\/uploads\/2017\/09\/Hannover-BD-Hannover-1950.jpg\"><img loading=\"lazy\" decoding=\"async\" class=\"alignleft size-large wp-image-1097\" src=\"http:\/\/nordwind.info\/wp-content\/uploads\/2017\/09\/Hannover-BD-Hannover-1950-719x1024.jpg\" alt=\"\" width=\"640\" height=\"911\" srcset=\"https:\/\/nordwind.info\/wp-content\/uploads\/2017\/09\/Hannover-BD-Hannover-1950-719x1024.jpg 719w, https:\/\/nordwind.info\/wp-content\/uploads\/2017\/09\/Hannover-BD-Hannover-1950-211x300.jpg 211w, https:\/\/nordwind.info\/wp-content\/uploads\/2017\/09\/Hannover-BD-Hannover-1950-768x1094.jpg 768w\" sizes=\"auto, (max-width: 640px) 100vw, 640px\" \/><\/a><\/p>\n<p><a href=\"#\">Nach oben<\/a><\/p>\n<p><strong>Fahrplan<\/strong><\/p>\n<p><a href=\"http:\/\/nordwind.info\/wp-content\/uploads\/2018\/03\/219-g.jpg\"><img loading=\"lazy\" decoding=\"async\" class=\"aligncenter size-full wp-image-2763\" src=\"http:\/\/nordwind.info\/wp-content\/uploads\/2018\/03\/219-g.jpg\" alt=\"\" width=\"1021\" height=\"225\" srcset=\"https:\/\/nordwind.info\/wp-content\/uploads\/2018\/03\/219-g.jpg 1021w, https:\/\/nordwind.info\/wp-content\/uploads\/2018\/03\/219-g-300x66.jpg 300w, https:\/\/nordwind.info\/wp-content\/uploads\/2018\/03\/219-g-768x169.jpg 768w\" sizes=\"auto, (max-width: 1021px) 100vw, 1021px\" \/><\/a>Fahrplan 219 g &#8211; Kursbuch DR 1944\/1945,\u00a0<a href=\"http:\/\/pkjs.de\/bahn\/Kursbuch1944\/Kursbuchtitel.html\" target=\"_blank\" rel=\"noopener noreferrer\">pkjs.de<\/a><\/p>\n<p><a href=\"http:\/\/nordwind.info\/wp-content\/uploads\/2018\/03\/219-b1.jpg\"><img loading=\"lazy\" decoding=\"async\" class=\"aligncenter size-full wp-image-2764\" src=\"http:\/\/nordwind.info\/wp-content\/uploads\/2018\/03\/219-b1.jpg\" alt=\"\" width=\"1000\" height=\"266\" srcset=\"https:\/\/nordwind.info\/wp-content\/uploads\/2018\/03\/219-b1.jpg 1000w, https:\/\/nordwind.info\/wp-content\/uploads\/2018\/03\/219-b1-300x80.jpg 300w, https:\/\/nordwind.info\/wp-content\/uploads\/2018\/03\/219-b1-768x204.jpg 768w\" sizes=\"auto, (max-width: 1000px) 100vw, 1000px\" \/><\/a>Fahrplan 219 b\u2013 Kursbuch DB 1956<\/p>\n<p><a href=\"http:\/\/nordwind.info\/wp-content\/uploads\/2018\/03\/219-b.jpg\"><img loading=\"lazy\" decoding=\"async\" class=\"aligncenter size-full wp-image-2765\" src=\"http:\/\/nordwind.info\/wp-content\/uploads\/2018\/03\/219-b.jpg\" alt=\"\" width=\"1000\" height=\"250\" srcset=\"https:\/\/nordwind.info\/wp-content\/uploads\/2018\/03\/219-b.jpg 1000w, https:\/\/nordwind.info\/wp-content\/uploads\/2018\/03\/219-b-300x75.jpg 300w, https:\/\/nordwind.info\/wp-content\/uploads\/2018\/03\/219-b-768x192.jpg 768w\" sizes=\"auto, (max-width: 1000px) 100vw, 1000px\" \/><\/a>Fahrplan 219 b \u2013 Kursbuch DB 1960<\/p>\n<p><a href=\"#\">Nach oben<\/a><\/p>\n<p><a href=\"http:\/\/nordwind.info\/wp-content\/uploads\/2018\/03\/sh2schluss.gif\"><img loading=\"lazy\" decoding=\"async\" class=\"aligncenter size-full wp-image-2750\" src=\"http:\/\/nordwind.info\/wp-content\/uploads\/2018\/03\/sh2schluss.gif\" alt=\"\" width=\"45\" height=\"66\" \/><\/a><\/p>\n","protected":false},"excerpt":{"rendered":"<p>Bezeichnung: Nienburg (Weser) &#8211; Rahden (Westf) Strecken-Nr.: 1743 Fahrplan: 219g &#8211; Kursbuch DR 1944 219b &#8211; Kursbuch DB 1956 219b &#8211; Kursbuch DB 1960 L\u00e4nge: 58,8 Kilometer Spurweite: 1435 mm (Normalspur),\u00a0nicht elektrifiziert Nutzungen: Deutsche Reichsbahn (1920 &#8211; 1945) Deutsche Bundesbahn &hellip; <a href=\"https:\/\/nordwind.info\/?page_id=2760\">Weiterlesen <span class=\"meta-nav\">&rarr;<\/span><\/a><\/p>\n","protected":false},"author":1,"featured_media":0,"parent":4067,"menu_order":0,"comment_status":"closed","ping_status":"closed","template":"","meta":{"footnotes":""},"class_list":["post-2760","page","type-page","status-publish","hentry"],"_links":{"self":[{"href":"https:\/\/nordwind.info\/index.php?rest_route=\/wp\/v2\/pages\/2760","targetHints":{"allow":["GET"]}}],"collection":[{"href":"https:\/\/nordwind.info\/index.php?rest_route=\/wp\/v2\/pages"}],"about":[{"href":"https:\/\/nordwind.info\/index.php?rest_route=\/wp\/v2\/types\/page"}],"author":[{"embeddable":true,"href":"https:\/\/nordwind.info\/index.php?rest_route=\/wp\/v2\/users\/1"}],"replies":[{"embeddable":true,"href":"https:\/\/nordwind.info\/index.php?rest_route=%2Fwp%2Fv2%2Fcomments&post=2760"}],"version-history":[{"count":32,"href":"https:\/\/nordwind.info\/index.php?rest_route=\/wp\/v2\/pages\/2760\/revisions"}],"predecessor-version":[{"id":12712,"href":"https:\/\/nordwind.info\/index.php?rest_route=\/wp\/v2\/pages\/2760\/revisions\/12712"}],"up":[{"embeddable":true,"href":"https:\/\/nordwind.info\/index.php?rest_route=\/wp\/v2\/pages\/4067"}],"wp:attachment":[{"href":"https:\/\/nordwind.info\/index.php?rest_route=%2Fwp%2Fv2%2Fmedia&parent=2760"}],"curies":[{"name":"wp","href":"https:\/\/api.w.org\/{rel}","templated":true}]}}