{"id":2000,"date":"2018-01-05T04:23:35","date_gmt":"2018-01-05T04:23:35","guid":{"rendered":"http:\/\/nordwind.info\/?page_id=2000"},"modified":"2025-04-11T06:36:49","modified_gmt":"2025-04-11T06:36:49","slug":"gardasee","status":"publish","type":"page","link":"https:\/\/nordwind.info\/?page_id=2000","title":{"rendered":"Ceniga (ITA), Chiesa San Paolo"},"content":{"rendered":"<p style=\"text-align: justify;\">N\u00f6rdlich von Arco, kurz vor Ceniga im Trentino\/Italien befindet sich etwas Abseits der Stra\u00dfe die Einsiedelei San Paolo. Die Kapelle (12. Jh.) und ein Haus, vermutlich eine Pilgerunterkunft waren lange Zeit dem Verfall preisgegeben. Bei der Restaurierung kamen auch die zahlreichen Fresken im Inneren der Kapelle wieder zum Vorschein.<\/p>\n<p style=\"text-align: justify;\">Die Einsiedelei besteht aus insgesamt drei getrennten Gruppen, die entlang an einem Felsen verteilt sind. Am Haupteingang ist das s\u00fcdlichen Geb\u00e4ude und man geht durch einen Bogengang mit einer wunderbarer Sicht auf den See.<\/p>\n<p><a href=\"http:\/\/nordwind.info\/wp-content\/uploads\/2018\/01\/Ceniga-Ereme-di-S.-Paolo-1.jpg\"><img loading=\"lazy\" decoding=\"async\" class=\"alignright wp-image-2011 size-full\" src=\"http:\/\/nordwind.info\/wp-content\/uploads\/2018\/01\/Ceniga-Ereme-di-S.-Paolo-1.jpg\" alt=\"\" width=\"640\" height=\"432\" srcset=\"https:\/\/nordwind.info\/wp-content\/uploads\/2018\/01\/Ceniga-Ereme-di-S.-Paolo-1.jpg 640w, https:\/\/nordwind.info\/wp-content\/uploads\/2018\/01\/Ceniga-Ereme-di-S.-Paolo-1-300x203.jpg 300w\" sizes=\"auto, (max-width: 640px) 100vw, 640px\" \/><\/a><\/p>\n<p style=\"text-align: justify;\">Einen kleinen Hof mit einer h\u00f6lzernen Presse aus dem Jahr 1759 durchquerend, kommt man zum kleinen Kloster und anschlie\u00dfend zur Kirche, deren Ursprung romanisch ist. Das heutige Geb\u00e4ude hat eine einzigartige Struktur, das Ergebnis der Vereinigung von drei einstmals getrennten Kapellen. Von gro\u00dfem Reichtum und Qualit\u00e4t sind die Malerkunstsch\u00e4tze, vor allem die aus dem 13. Jahrhundert in der Kirche, wie auch im Kapitelsaal. Laut Legende wurde die Einsiedelei von Alberto Besozzi di Arolo gegr\u00fcndet; ein Wucherer, der einen Schiffbruch im Jahr 1170 \u00fcberlebt hatte und sich als Einsiedler auf den Sasso Ballaro zur\u00fcckgezogen hatte.<\/p>\n<p><a href=\"http:\/\/nordwind.info\/wp-content\/uploads\/2018\/01\/Ceniga-Chisa-San-Paolo.jpg\"><img loading=\"lazy\" decoding=\"async\" class=\"alignright size-full wp-image-2009\" src=\"http:\/\/nordwind.info\/wp-content\/uploads\/2018\/01\/Ceniga-Chisa-San-Paolo.jpg\" alt=\"\" width=\"640\" height=\"360\" srcset=\"https:\/\/nordwind.info\/wp-content\/uploads\/2018\/01\/Ceniga-Chisa-San-Paolo.jpg 640w, https:\/\/nordwind.info\/wp-content\/uploads\/2018\/01\/Ceniga-Chisa-San-Paolo-300x169.jpg 300w\" sizes=\"auto, (max-width: 640px) 100vw, 640px\" \/><\/a><\/p>\n<p style=\"text-align: justify;\">Drei zu verschiedenen Zeiten gebaute Kapellen wurden bald zum Ziel vieler Pilger und der Ort selbst galt als wunderwirkend: ber\u00fchmt ist das Wunder am Anfang des 17. Jahrhunderts der f\u00fcnf Felsbl\u00f6cke, die auf die Kirche fielen und im Gew\u00f6lbe der Kirche h\u00e4ngen blieben. Dort blieben sie zwei Jahrhunderte lang bis 1910.<\/p>\n<p><a href=\"http:\/\/nordwind.info\/wp-content\/uploads\/2018\/01\/Einsiedelei-San-Paolo-Beschreibung1.jpg\"><img loading=\"lazy\" decoding=\"async\" class=\"alignright size-full wp-image-2014\" src=\"http:\/\/nordwind.info\/wp-content\/uploads\/2018\/01\/Einsiedelei-San-Paolo-Beschreibung1.jpg\" alt=\"\" width=\"640\" height=\"360\" srcset=\"https:\/\/nordwind.info\/wp-content\/uploads\/2018\/01\/Einsiedelei-San-Paolo-Beschreibung1.jpg 640w, https:\/\/nordwind.info\/wp-content\/uploads\/2018\/01\/Einsiedelei-San-Paolo-Beschreibung1-300x169.jpg 300w\" sizes=\"auto, (max-width: 640px) 100vw, 640px\" \/><\/a><\/p>\n<p style=\"text-align: justify;\">Dem historischen Geb\u00e4ude widerfuhren in Laufe der Jahre viele verschiedene Schicksale, vom h\u00f6chsten Glanz bis zum Verfall, bis zu seiner Aufhebung im Jahr 1769. Es folgte eine lange Zeit der Verwahrlosung. Sp\u00e4ter wurde es restauriert und diente einem M\u00f6nchsorden als Kloster.<\/p>\n","protected":false},"excerpt":{"rendered":"<p>N\u00f6rdlich von Arco, kurz vor Ceniga im Trentino\/Italien befindet sich etwas Abseits der Stra\u00dfe die Einsiedelei San Paolo. Die Kapelle (12. Jh.) und ein Haus, vermutlich eine Pilgerunterkunft waren lange Zeit dem Verfall preisgegeben. Bei der Restaurierung kamen auch die &hellip; <a href=\"https:\/\/nordwind.info\/?page_id=2000\">Weiterlesen <span class=\"meta-nav\">&rarr;<\/span><\/a><\/p>\n","protected":false},"author":1,"featured_media":0,"parent":14133,"menu_order":0,"comment_status":"closed","ping_status":"closed","template":"","meta":{"footnotes":""},"class_list":["post-2000","page","type-page","status-publish","hentry"],"_links":{"self":[{"href":"https:\/\/nordwind.info\/index.php?rest_route=\/wp\/v2\/pages\/2000","targetHints":{"allow":["GET"]}}],"collection":[{"href":"https:\/\/nordwind.info\/index.php?rest_route=\/wp\/v2\/pages"}],"about":[{"href":"https:\/\/nordwind.info\/index.php?rest_route=\/wp\/v2\/types\/page"}],"author":[{"embeddable":true,"href":"https:\/\/nordwind.info\/index.php?rest_route=\/wp\/v2\/users\/1"}],"replies":[{"embeddable":true,"href":"https:\/\/nordwind.info\/index.php?rest_route=%2Fwp%2Fv2%2Fcomments&post=2000"}],"version-history":[{"count":10,"href":"https:\/\/nordwind.info\/index.php?rest_route=\/wp\/v2\/pages\/2000\/revisions"}],"predecessor-version":[{"id":11543,"href":"https:\/\/nordwind.info\/index.php?rest_route=\/wp\/v2\/pages\/2000\/revisions\/11543"}],"up":[{"embeddable":true,"href":"https:\/\/nordwind.info\/index.php?rest_route=\/wp\/v2\/pages\/14133"}],"wp:attachment":[{"href":"https:\/\/nordwind.info\/index.php?rest_route=%2Fwp%2Fv2%2Fmedia&parent=2000"}],"curies":[{"name":"wp","href":"https:\/\/api.w.org\/{rel}","templated":true}]}}