

{"id":1566,"date":"2017-10-27T04:17:14","date_gmt":"2017-10-27T04:17:14","guid":{"rendered":"http:\/\/nordwind.info\/?page_id=1566"},"modified":"2023-11-22T06:19:31","modified_gmt":"2023-11-22T06:19:31","slug":"nienburg-weser-koehlerberge","status":"publish","type":"page","link":"https:\/\/nordwind.info\/?page_id=1566","title":{"rendered":"Nienburg, K\u00f6hlerberge"},"content":{"rendered":"<ul>\n<li>Objektname: K\u00f6hlerberge<\/li>\n<li>Ortslage\/LK: Nienburg (Weser)<\/li>\n<li>Nutzungen: \u00a0 1936 Pionierbataillon 22, Wehrmacht<\/li>\n<li>\u00a0 \u00a0 \u00a0 \u00a0 \u00a0 \u00a0 \u00a0 \u00a0 \u00a0 \u00a0 \u00a0 \u00a0 \u00a01945 Alliierte, Sprengplatz, Munitionslagerung<\/li>\n<li>\u00a0 \u00a0 \u00a0 \u00a0 \u00a0 \u00a0 \u00a0 \u00a0 \u00a0 \u00a0 \u00a0 \u00a0 \u00a01956 Geb\u00e4udenutzung als Wohnraum (Fl\u00fcchtlinge)<\/li>\n<li>\u00a0 \u00a0 \u00a0 \u00a0 \u00a0 \u00a0 \u00a0 \u00a0 \u00a0 \u00a0 \u00a0 \u00a0 \u00a01956 21. Enigeer Regiment,\u00a0Britische Armee,\u00a0\u00dcbungsplatz<\/li>\n<li>\u00a0 \u00a0 \u00a0 \u00a0 \u00a0 \u00a0 \u00a0 \u00a0 \u00a0 \u00a0 \u00a0 \u00a0 \u00a01956 \u00dcbungsplatz f\u00fcr Kettenfahrzeuge<\/li>\n<li>\u00a0 \u00a0 \u00a0 \u00a0 \u00a0 \u00a0 \u00a0 \u00a0 \u00a0 \u00a0 \u00a0 \u00a0 \u00a01956 Kasernengeb\u00e4ude wird\u00a0Blanchard Barracks<\/li>\n<li>\u00a0 \u00a0 \u00a0 \u00a0 \u00a0 \u00a0 \u00a0 \u00a0 \u00a0 \u00a0 \u00a0 \u00a0 \u00a01994 \u00dcbergabe an Land Niedersachsen<\/li>\n<li>\u00a0 \u00a0 \u00a0 \u00a0 \u00a0 \u00a0 \u00a0 \u00a0 \u00a0 \u00a0 \u00a0 \u00a0 \u00a01995 Gef\u00e4hrdungsabsch\u00e4tzung des Landes beendet<\/li>\n<li>\u00a0 \u00a0 \u00a0 \u00a0 \u00a0 \u00a0 \u00a0 \u00a0 \u00a0 \u00a0 \u00a0 \u00a0 \u00a01996 Unterkunftsgeb\u00e4ude als \u00dcbergangswohnheim<\/li>\n<li>Ausr\u00fcstung: \u00a0Geb\u00e4ude, Bunker, Schie\u00dfst\u00e4nde, Sprengplatz,<\/li>\n<li>Ist-Zustand: \u00a0Das Gel\u00e4nde kann frei betreten werden<\/li>\n<li>Recherchen: \u00a02017 \u00a0 \u00a0 \u00a0 \u00a0 \u00a0 \u00a0Exkursion:<\/li>\n<li>Fundstellen: \u00a0<a href=\"https:\/\/www.geschichtsspuren.de\/forum\/viewtopic.php?t=10072&amp;postdays=0&amp;postorder=asc&amp;start=20\" target=\"_blank\" rel=\"noopener noreferrer\">Geschichtsspuren.de<\/a>,<\/li>\n<\/ul>\n<p style=\"text-align: justify;\">Die Region der K\u00f6hlerberge ist eine Binnend\u00fcnenlandschaft, die fr\u00fcher von Heide bedeckt war und sich im S\u00fcden der Stadt Nienburg (Weser) befindet. Ungef\u00e4hr zum Ende des 19. Jahrhundert wurde diese Landschaft durch den F\u00f6rster K\u00f6hler mit Kiefern aufgeforstet. Im Laufe der Zeit entwickelte sich hier der typische Birken-Eichen-Mischwald. Man findet hier zahlreiche Hinweise auf die ehemalige milit\u00e4rische Nutzung.<\/p>\n<p><strong>Lage<\/strong><\/p>\n\n\n\t\t\t\t<div id=\"map_ol3js_1\" class=\"map undefined\" data-map_name=\"undefined\" data-map=\"map_ol3js_1\" style=\"width:100%; max-width:100%; height:450px; display:block; overflow:hidden;border:2px solid grey;\" >\n\t\t\t\t  <div id=\"map_ol3js_1_popup\" class=\"ol-popup\" >\n\t\t\t\t\t<a href=\"#\" id=\"map_ol3js_1_popup-closer\" class=\"ol-popup-closer\"><\/a>\n\t\t\t\t\t<div id=\"map_ol3js_1_popup-content\" ><\/div>\n\t\t\t\t  <\/div>\n\t\t\t\t<\/div>\n\t\t\t\n\n\t\t\t\t<script type=\"text\/javascript\">\n\t\t\t\t\ttranslations['openlayer'] = \"open layer\";\n\t\t\t\t\ttranslations['openlayerAtStartup'] = \"open layer at startup\";\n\t\t\t\t\ttranslations['generateLink'] = \"Der Link zur Karte mit ausgew\u00e4hlten Overlays und angezeigtem Ausschnitt\";\n\t\t\t\t\ttranslations['shortDescription'] = \"Kurzbeschreibung\";\n\t\t\t\t\ttranslations['generatedShortCode'] = \"to get a text control link paste this code in your wordpress editor\";\n\t\t\t\t\ttranslations['closeLayer'] = \"close layer\";\n\t\t\t\t\ttranslations['cantGenerateLink'] = \"put this string in the existing map short code to control this map\";\n\t\t\t  <\/script>\n\n\n\t\t\t  <script type=\"text\/javascript\">\n\t\t\t  vectorM['map_ol3js_1'] = [];\n\t        \n        var raster = getTileLayer(\"osm\",\"NoKey\");\t\t\t\n\n\t\t\t  var map_ol3js_1 = new ol.Map({\n\t\t\t\tinteractions: ol.interaction.defaults.defaults({mouseWheelZoom:false}),\n\t\t\t\tlayers: [raster],\n\t\t\t\ttarget: \"map_ol3js_1\",\n\t\t\t\tview: new ol.View({\n\t\t\t\t  center: ol.proj.transform([9.1946,52.6237], \"EPSG:4326\", \"EPSG:3857\"),\n\t\t\t\t  zoom: 15\n\t\t\t\t})\n\t\t\t  });\n\t\t\t  addControls2Map(map_ol3js_1,0,0,3,1,5,6,7,1,1);\nosm_addPopupClickhandler(map_ol3js_1,  \"map_ol3js_1\"); \nosm_addMouseHover(map_ol3js_1); <\/script>\n<p>Aktueller Zustand &#8211; Kartenauszug OpenStreetMap<\/p>\n<div id=\"mapp0_layout\" class=\"mapp-layout\" style=\"width: 640px; \"><div id=\"mapp0_links\" class=\"mapp-map-links\"><\/div><div id=\"mapp0_dialog\" class=\"mapp-dialog\"><\/div><div id=\"mapp0\" class=\"mapp-canvas\" style=\"width: 100%; height: 480px; \"><\/div><div id=\"mapp0_directions\" class=\"mapp-directions\" style=\"width:100%\"><\/div><div id=\"mapp0_poi_list\" class=\"mapp-poi-list\" style=\"width:100%\"><\/div><\/div>\n<p>Kartenauszug Google Maps (Istzustand)<\/p>\n<p><a href=\"http:\/\/nordwind.info\/wp-content\/uploads\/2017\/10\/Koehlerberge.jpg\"><img loading=\"lazy\" decoding=\"async\" class=\"alignright size-large wp-image-1463\" src=\"http:\/\/nordwind.info\/wp-content\/uploads\/2017\/10\/Koehlerberge-1024x679.jpg\" alt=\"\" width=\"640\" height=\"424\" srcset=\"https:\/\/nordwind.info\/wp-content\/uploads\/2017\/10\/Koehlerberge-1024x679.jpg 1024w, https:\/\/nordwind.info\/wp-content\/uploads\/2017\/10\/Koehlerberge-300x199.jpg 300w, https:\/\/nordwind.info\/wp-content\/uploads\/2017\/10\/Koehlerberge-768x509.jpg 768w, https:\/\/nordwind.info\/wp-content\/uploads\/2017\/10\/Koehlerberge.jpg 1280w\" sizes=\"auto, (max-width: 640px) 100vw, 640px\" \/><\/a><\/p>\n<p>Kartenauszug TK 1:25.000, Reichsamt f\u00fcr Landesaufnahme (1945\/46)<\/p>\n<p style=\"text-align: justify;\">Als etwa 1935 feststand, dass Nienburg (Weser) der Standort f\u00fcr das Pionierbataillon 22 wird, entstand am heutigen Berliner Ring die Mudra Kaserne, an der Weser ein Pionier-Wasser\u00fcbungsplatz sowie in den K\u00f6hlerbergen ein Gel\u00e4nde\u00fcbungsplatz. F\u00fcr die jeweilig \u00fcbende Teileinheit des Pionierbataillons wurde als Unterkunft an den \u00dcbungspl\u00e4tzen jeweils ein Kompaniegeb\u00e4ude errichtet. Im Jahre 1941 verlegte das Pionierbataillon 22 an die Ostfront und s\u00e4mtliche Geb\u00e4ude der Mudra Kaserne wurden als Kriegsgefangen- oder Arbeitslager benutzt.<\/p>\n<p style=\"text-align: justify;\">Nach Ende des 2. Weltkrieges\u00a0wurden die K\u00f6hlerberge als Sprengplatz f\u00fcr Munition und Waffenschrott genutzt. In dem Geb\u00e4ude wurde etwa von 1950 bis 1956 \u00a0Fl\u00fcchtlinge untergebracht, bis 1956 das21. Enigeer Regiment der Britische Armee\u00a0nach Nienburg kam. Die \u00dcbungspl\u00e4tze wurden wieder milit\u00e4risch genutzt und das Kasernengeb\u00e4ude bei den K\u00f6hlerbergen\u00a0erhielt den Namen\u00a0Blanchard Barracks. Dieser Name ist vielen Nienburgern heute noch ein Begriff, da ab\u00a01974 die GSO (German Service Organisation)\u00a0dieses Kasernengeb\u00e4ude als Hauptverwaltung nutzte. 1994 wurde der \u00dcbungsplatz K\u00f6hlerberge milit\u00e4risch aufgegeben und entmilitarisiert.\u00a01995 war die Gef\u00e4hrdungsabsch\u00e4tzung des Landes Niedersachsen beendet und das Gel\u00e4nde f\u00fcr die Bev\u00f6lkerung wieder zug\u00e4nglich. Die\u00a0Blanchard Barracks dienten ab\u00a01996 noch einige Zeit als \u00dcbergangswohnheim, bis sie dann vor einigen Jahren wegen Bauf\u00e4lligkeit abgerissen werden mu\u00dften.<\/p>\n<p><a href=\"#\">Nach oben<\/a><\/p>\n","protected":false},"excerpt":{"rendered":"<p>Objektname: K\u00f6hlerberge Ortslage\/LK: Nienburg (Weser) Nutzungen: \u00a0 1936 Pionierbataillon 22, Wehrmacht \u00a0 \u00a0 \u00a0 \u00a0 \u00a0 \u00a0 \u00a0 \u00a0 \u00a0 \u00a0 \u00a0 \u00a0 \u00a01945 Alliierte, Sprengplatz, Munitionslagerung \u00a0 \u00a0 \u00a0 \u00a0 \u00a0 \u00a0 \u00a0 \u00a0 \u00a0 \u00a0 \u00a0 \u00a0 \u00a01956 &hellip; <a href=\"https:\/\/nordwind.info\/?page_id=1566\">Weiterlesen <span class=\"meta-nav\">&rarr;<\/span><\/a><\/p>\n","protected":false},"author":1,"featured_media":0,"parent":2482,"menu_order":0,"comment_status":"closed","ping_status":"closed","template":"","meta":{"footnotes":""},"class_list":["post-1566","page","type-page","status-publish","hentry"],"_links":{"self":[{"href":"https:\/\/nordwind.info\/index.php?rest_route=\/wp\/v2\/pages\/1566","targetHints":{"allow":["GET"]}}],"collection":[{"href":"https:\/\/nordwind.info\/index.php?rest_route=\/wp\/v2\/pages"}],"about":[{"href":"https:\/\/nordwind.info\/index.php?rest_route=\/wp\/v2\/types\/page"}],"author":[{"embeddable":true,"href":"https:\/\/nordwind.info\/index.php?rest_route=\/wp\/v2\/users\/1"}],"replies":[{"embeddable":true,"href":"https:\/\/nordwind.info\/index.php?rest_route=%2Fwp%2Fv2%2Fcomments&post=1566"}],"version-history":[{"count":8,"href":"https:\/\/nordwind.info\/index.php?rest_route=\/wp\/v2\/pages\/1566\/revisions"}],"predecessor-version":[{"id":6729,"href":"https:\/\/nordwind.info\/index.php?rest_route=\/wp\/v2\/pages\/1566\/revisions\/6729"}],"up":[{"embeddable":true,"href":"https:\/\/nordwind.info\/index.php?rest_route=\/wp\/v2\/pages\/2482"}],"wp:attachment":[{"href":"https:\/\/nordwind.info\/index.php?rest_route=%2Fwp%2Fv2%2Fmedia&parent=1566"}],"curies":[{"name":"wp","href":"https:\/\/api.w.org\/{rel}","templated":true}]}}