{"id":12397,"date":"2023-12-23T04:09:05","date_gmt":"2023-12-23T04:09:05","guid":{"rendered":"http:\/\/nordwind.info\/?page_id=12397"},"modified":"2025-11-08T07:08:24","modified_gmt":"2025-11-08T07:08:24","slug":"ln-flugwachkommandos","status":"publish","type":"page","link":"https:\/\/nordwind.info\/?page_id=12397","title":{"rendered":"Ln &#8211; Meldebezirke"},"content":{"rendered":"<p style=\"text-align: justify;\">In den Meldebezirken waren mehrere Flugwachk0mmand0s (Fluko) zusammen- gefa\u00dft, die an den Gebieten der damaligen Oberpostdirektionsbezirke angelehnt waren. Standorte der FluKos waren daher \u00fcberwiegend besonders R\u00e4ume in geeigneten Post\u00e4mtern. \u00dcber Telefonleitungen kamen hier die Meldungen der jeweils angeschlossenen Flugwachen herein. Bei ung\u00fcnstigen Leitungsverbindungen wurden zus\u00e4tzlich Vermittlungsstellen eingerichtet.<\/p>\n<p><strong>Flugmeldebezirke<\/strong><\/p>\n<ul>\n<li><a href=\"http:\/\/nordwind.info\/?page_id=12034\">K\u00f6nigsberg<\/a> (Krau\u00dfen)<\/li>\n<li><a href=\"http:\/\/nordwind.info\/?page_id=12045\">Berlin<\/a> (Kladow)<\/li>\n<li><a href=\"http:\/\/nordwind.info\/?page_id=12051\">Dresden<\/a> (Nordhausen)<\/li>\n<li><a href=\"http:\/\/nordwind.info\/?page_id=12053\">M\u00fcnster<\/a> (G\u00fctersloh)<\/li>\n<li><a href=\"http:\/\/nordwind.info\/?page_id=12067\">M\u00fcnchen<\/a> (Augsburg)<\/li>\n<li><a href=\"http:\/\/nordwind.info\/?page_id=12065\">Breslau<\/a><\/li>\n<li><a href=\"http:\/\/nordwind.info\/?page_id=12016\">Hannover \/ Hamburg<\/a><\/li>\n<li><a href=\"http:\/\/nordwind.info\/?page_id=12069\">Wiesbaden<\/a><\/li>\n<li><a href=\"http:\/\/nordwind.info\/?page_id=12071\">N\u00fcrnberg<\/a><\/li>\n<li><a href=\"http:\/\/nordwind.info\/?page_id=12073\">Wien<\/a> (ab 1938)<\/li>\n<li>Ungarn (ab 1938)<\/li>\n<li><a href=\"http:\/\/nordwind.info\/?page_id=12076\">D\u00e4nemark<\/a> (ab 1940)<\/li>\n<li>Norwegen (an 1940)<\/li>\n<li>Holland (ab 1940)<\/li>\n<li>Frankreich (ab 1940)<\/li>\n<\/ul>\n<p><strong>Flugwachkommandos<\/strong><\/p>\n<div id=\"mapp0_layout\" class=\"mapp-layout\" style=\"width: 640px; \"><div id=\"mapp0_links\" class=\"mapp-map-links\"><\/div><div id=\"mapp0_dialog\" class=\"mapp-dialog\"><\/div><div id=\"mapp0\" class=\"mapp-canvas\" style=\"width: 100%; height: 480px; \"><\/div><div id=\"mapp0_directions\" class=\"mapp-directions\" style=\"width:100%\"><\/div><div id=\"mapp0_poi_list\" class=\"mapp-poi-list\" style=\"width:100%\"><\/div><\/div>\n<p>\u00dcbersichtskarte Google Maps<\/p>\n<p style=\"text-align: justify;\">In den Flugwachkommandos wurde jede eingehende Meldung der Flugwachen sofort ausgewertet und in eine Karte eingezeichnet. Durch die einlaufenden Meldungen wird festgestellt ob und welche Meldungen zu den gleichen Beobachtungen geh\u00f6ren. F\u00fcr die Auswertung der eingehenden Meldungen waren in der Regel 10-12 Soldaten im Schichtdienst eingesetzt, f\u00fcr die meist drei Abl\u00f6sungen bereit standen, im Ganzen also etwa 36 Mann. Je nach Gr\u00f6\u00dfe hatte ein Flugwachkommando mit den angeh\u00f6rigen Flugwachen eine St\u00e4rke von etwa 3.500 Personen.<\/p>\n<p><strong>Luftgau-Nachrichten-Regiment I \u2013 K\u00f6nigsberg (Krau\u00dfen)<\/strong><\/p>\n<ul type=\"disc\">\n<li><a href=\"https:\/\/nordwind.info\/?page_id=13366\">Allenstein<\/a> (All) \u2013 20 Fluwa<\/li>\n<li><a href=\"https:\/\/nordwind.info\/?page_id=13370\">Bartenstein<\/a> (Btn) \u2013 11 Fluwa<\/li>\n<li><a href=\"https:\/\/nordwind.info\/?page_id=13398\">Elbing<\/a> (Elb) \u2013 18 Fluwa<\/li>\n<li><a href=\"https:\/\/nordwind.info\/?page_id=13408\">Gerdauen<\/a> (Gd) \u2013 10 Fluwa<\/li>\n<li>Goldab (Gold) \u2013<\/li>\n<li>Insterburg (Inst) \u2013<\/li>\n<li><a href=\"https:\/\/nordwind.info\/?page_id=13162\">K\u00f6nigsberg<\/a> (Kbg) \u2013 28 Fluwa<\/li>\n<li>Labiau (Lab) \u2013<\/li>\n<li>L\u00f6tzen (L\u00f6z) \u2013<\/li>\n<li>Memel (Aufbau)<\/li>\n<li><a href=\"https:\/\/nordwind.info\/?page_id=13393\">Pillau<\/a> (Pi) \u2013 15 Fluwa<\/li>\n<li>Skaisgirren (Ska)<\/li>\n<li><a href=\"https:\/\/nordwind.info\/?page_id=13387\">Wormditt<\/a> (Worm) \u2013 15 Fluwa<\/li>\n<\/ul>\n<p><strong>Luftgau-Nachrichten-Regiment III \u2013 Berlin (Kladow)<\/strong><\/p>\n<ul type=\"disc\">\n<li><a href=\"http:\/\/nordwind.info\/?page_id=10925\">Berlin (Bln)<\/a> \u2013 80 Fluwa, 9 Vermittlungen<\/li>\n<li>Falkenburg (Fal)<\/li>\n<li>Frankfurt (Oder) (Ffo) \u2013<\/li>\n<li>Landsberg (Lb)<\/li>\n<li>K\u00f6slin (K\u00f6s)<\/li>\n<li><a href=\"https:\/\/nordwind.info\/?page_id=13376\">Perleberg<\/a> (Plb) \u2013 35 Fluwa<\/li>\n<li>Neubrandenburg (Nbg)<\/li>\n<li>Stettin (Stn)<\/li>\n<li>Stolp (Sto)<\/li>\n<\/ul>\n<p><strong><a href=\"https:\/\/www.lexikon-der-wehrmacht.de\/Gliederungen\/LuftgauNachrichtenReg\/LgNachRgt4.htm\">Luftgau-Nachrichten-Regiment IV<\/a> \u2013 Dresden (Nordhausen)<\/strong><\/p>\n<ul type=\"disc\">\n<li>Chemnitz (Che) \u2013 12 Fluwa<\/li>\n<li>Dessau (Des) \u2013 12 Fluwa<\/li>\n<li>Dresden (Dre) \u2013 26 Fluwa<\/li>\n<li>Eisenach (Eis) \u2013 13 Fluwa<\/li>\n<li>Erfurt (Erf) \u2013 19 Fluwa<\/li>\n<li>Gera (Ger) \u2013 15 Fluwa<\/li>\n<li>Guben (Gub)<\/li>\n<li>Halle (Hal) \u2013 25 Flugwa<\/li>\n<li>Kottbus (Kot) \u2013 14 Fluwa<\/li>\n<li>Leipzig (Lpz) \u2013 29 Fluwa<\/li>\n<li>Nordhausen (Ndh) \u2013 16 Fluwa<\/li>\n<li>Plauen (Pla) \u2013 6 Fluwa<\/li>\n<li>Sagan (Sag)<\/li>\n<li>Zwickau (Zwi) \u2013 10 Fluwa<\/li>\n<\/ul>\n<p><strong><a href=\"http:\/\/www.ww2.dk\/ground\/hq\/lgvi.htm\">Luftgau-Nachrichten-Regiment VI<\/a> \u2013 M\u00fcnster (G\u00fctersloh)<\/strong><\/p>\n<ul type=\"disc\">\n<li><a href=\"https:\/\/nordwind.info\/?page_id=13148\">Braunschweig<\/a> (Bsw) \u2013<\/li>\n<li>Dortmund (Dmd) \u2013 60 Fluwa<\/li>\n<li>Duisburg (Dui) \u2013<\/li>\n<li>D\u00fcsseldorf (D\u00fcs) \u2013<\/li>\n<li>Emden (Emd) \u2013<\/li>\n<li>K\u00f6ln (Kln) \u2013<\/li>\n<li>Osnabr\u00fcck (Osn) \u2013<\/li>\n<\/ul>\n<p><strong>Luftgau-Nachrichten-Regiment VII \u2013 M\u00fcnchen (Augsburg)<\/strong><\/p>\n<ul type=\"disc\">\n<li>Augsburg (Aug)<\/li>\n<li>Donaueschingen (Don)<\/li>\n<li>Insbruck (Ins)<\/li>\n<li>Kempten (Kem)<\/li>\n<li>M\u00fchldorf (Mld)<\/li>\n<li>M\u00fcnchen (M\u00fcn)<\/li>\n<li>Passau (Pas)<\/li>\n<li>Ravensburg (Rav)<\/li>\n<li>Stuttgart (Stg)\u00a0\u2013<\/li>\n<li>Traunstein (Traun)<\/li>\n<li>Ulm (Ulm)<\/li>\n<\/ul>\n<p><strong>Luftgau-Nachrichten-Regiment VIII- Breslau<\/strong><\/p>\n<ul type=\"disc\">\n<li>Breslau (Bsl)<\/li>\n<li>Cosel (Cos)<\/li>\n<li>Liegnitz (Lig)<\/li>\n<li>Oppeln (Opl)<\/li>\n<li>Troppau (Tro)<\/li>\n<\/ul>\n<p><strong>Luftgau-Nachrichten-Regiment 11 \u2013 Hannover<\/strong><\/p>\n<ul type=\"disc\">\n<li><a href=\"https:\/\/nordwind.info\/?page_id=4098\">Bremen<\/a> (Bre) \u2013 22 Fluwa,<\/li>\n<li><a href=\"https:\/\/nordwind.info\/?page_id=13168\">Brunsb\u00fcttel<\/a> (Bub) \u2013 10 Fluwa,<\/li>\n<li>Cuxhaven (Cux)\u00a0\u2013 Marine<\/li>\n<li>Hamburg (Hbg) \u2013<\/li>\n<li><a href=\"https:\/\/nordwind.info\/?page_id=9310\">Hannover<\/a> (Han) \u2013 40 Fluwa,<\/li>\n<li><a href=\"https:\/\/nordwind.info\/?page_id=13383\">Kiel<\/a> (Ki) \u2013 22 Fluwa,<\/li>\n<li><a href=\"http:\/\/nordwind.info\/?page_id=13412\">L\u00fcbeck<\/a> (L\u00fcb) \u2013 6 Fluwa ?,<\/li>\n<li>Magdeburg (Mbg) \u2013 14 Fluwa ?,<\/li>\n<li>Nieb\u00fcll (Nie) \u2013 17 Fluwa,<\/li>\n<li>Schleswig (SW) \u2013 15 Fluwa,<\/li>\n<li>Stendal (Sten) \u2013 ?<\/li>\n<\/ul>\n<p><strong>Luftgau-Nachrichten-Regiment 12 \u2013 Wiesbaden<\/strong><\/p>\n<ul type=\"disc\">\n<li>Frankfurt\/Main (Ffm)<\/li>\n<li>Fulda (Ful)<\/li>\n<li>Giessen (Gis)<\/li>\n<li>Kaiserslautern (Kai)<\/li>\n<li>Kassel (Kas)<\/li>\n<li>Koblenz (Kob)<\/li>\n<li>Ludwigshafen (Lhf)<\/li>\n<li>Mannhein (Mhm)<\/li>\n<li>Siegen (Sig)<\/li>\n<li>Trier (Trier)<\/li>\n<\/ul>\n<p><strong>Luftgau-Nachrichten-Regiment 13 \u2013 N\u00fcrnberg<\/strong><\/p>\n<ul type=\"disc\">\n<li>Bamberg (Bam)<\/li>\n<li>Bayreuth (Bay)<\/li>\n<li>M\u00fcnchen (M\u00fc)\u00a0\u2013<\/li>\n<li>N\u00fcrnberg (N\u00fcr)<\/li>\n<li>Regensburg (Reg)<\/li>\n<li>W\u00fcrzburg (Wzb)<\/li>\n<\/ul>\n<p><strong>Luftgau-Nachrichten-Regiment 17 \u2013 Wien<\/strong><\/p>\n<ul type=\"disc\">\n<li>Amstetten (Ams)<\/li>\n<li>Bruck\/Mur (Bru)<\/li>\n<li>Br\u00fcnn (Br\u00fc)<\/li>\n<li>Graz (Gra)<\/li>\n<li>Judenburg (Jud)<\/li>\n<li>Lend (Lnd)<\/li>\n<li>Pilsen (Pil)<\/li>\n<li>Prag (Pra)<\/li>\n<li>V\u00f6cklabruck (V\u00f6k) \u2013<\/li>\n<li>Wien (Win)\u00a0\u2013<\/li>\n<\/ul>\n<p><strong>D\u00e4nemark (ab 1940)<\/strong><\/p>\n<ul type=\"disc\">\n<li>Aalborg \u2013<\/li>\n<li>Aarhus<\/li>\n<li>Kopenhagen<\/li>\n<li>Odense<\/li>\n<li>Kolding<\/li>\n<li>Husum<\/li>\n<\/ul>\n<p><a href=\"#\">Nach oben<\/a><\/p>\n<p><a href=\"http:\/\/nordwind.info\/wp-content\/uploads\/2018\/03\/sh2schluss.gif\"><img loading=\"lazy\" decoding=\"async\" class=\"aligncenter size-full wp-image-2750\" src=\"http:\/\/nordwind.info\/wp-content\/uploads\/2018\/03\/sh2schluss.gif\" alt=\"\" width=\"45\" height=\"66\" \/><\/a><\/p>\n","protected":false},"excerpt":{"rendered":"<p>In den Meldebezirken waren mehrere Flugwachk0mmand0s (Fluko) zusammen- gefa\u00dft, die an den Gebieten der damaligen Oberpostdirektionsbezirke angelehnt waren. Standorte der FluKos waren daher \u00fcberwiegend besonders R\u00e4ume in geeigneten Post\u00e4mtern. \u00dcber Telefonleitungen kamen hier die Meldungen der jeweils angeschlossenen Flugwachen herein. &hellip; <a href=\"https:\/\/nordwind.info\/?page_id=12397\">Weiterlesen <span class=\"meta-nav\">&rarr;<\/span><\/a><\/p>\n","protected":false},"author":1,"featured_media":0,"parent":3978,"menu_order":0,"comment_status":"closed","ping_status":"closed","template":"","meta":{"footnotes":""},"class_list":["post-12397","page","type-page","status-publish","hentry"],"_links":{"self":[{"href":"https:\/\/nordwind.info\/index.php?rest_route=\/wp\/v2\/pages\/12397","targetHints":{"allow":["GET"]}}],"collection":[{"href":"https:\/\/nordwind.info\/index.php?rest_route=\/wp\/v2\/pages"}],"about":[{"href":"https:\/\/nordwind.info\/index.php?rest_route=\/wp\/v2\/types\/page"}],"author":[{"embeddable":true,"href":"https:\/\/nordwind.info\/index.php?rest_route=\/wp\/v2\/users\/1"}],"replies":[{"embeddable":true,"href":"https:\/\/nordwind.info\/index.php?rest_route=%2Fwp%2Fv2%2Fcomments&post=12397"}],"version-history":[{"count":22,"href":"https:\/\/nordwind.info\/index.php?rest_route=\/wp\/v2\/pages\/12397\/revisions"}],"predecessor-version":[{"id":13456,"href":"https:\/\/nordwind.info\/index.php?rest_route=\/wp\/v2\/pages\/12397\/revisions\/13456"}],"up":[{"embeddable":true,"href":"https:\/\/nordwind.info\/index.php?rest_route=\/wp\/v2\/pages\/3978"}],"wp:attachment":[{"href":"https:\/\/nordwind.info\/index.php?rest_route=%2Fwp%2Fv2%2Fmedia&parent=12397"}],"curies":[{"name":"wp","href":"https:\/\/api.w.org\/{rel}","templated":true}]}}