

{"id":9176,"date":"2019-12-08T04:01:44","date_gmt":"2019-12-08T04:01:44","guid":{"rendered":"http:\/\/nordwind.info\/?page_id=9176"},"modified":"2025-03-19T03:35:08","modified_gmt":"2025-03-19T03:35:08","slug":"rehden-agl-muna","status":"publish","type":"page","link":"http:\/\/nordwind.info\/?page_id=9176","title":{"rendered":"Rehden, Agl Munitionsanstalt"},"content":{"rendered":"<ul>\n<li>Objektname: Heeresmunitionsanstalt Rehden<\/li>\n<li>Ortslage\/LK: Rehden, LK Diepholz, Niedersachsen<\/li>\n<li>Nutzungen: \u00a0\u00a0Wehrmacht (1939 &#8211; 1945)\n<ul>\n<li style=\"list-style-type: none;\">\n<ul>\n<li style=\"list-style-type: none;\">\n<ul>\n<li style=\"list-style-type: none;\">\n<ul>\n<li>Bundeswehr (1950 &#8211; 1992) Depot<\/li>\n<li>Zivile Nutzung<\/li>\n<\/ul>\n<\/li>\n<\/ul>\n<\/li>\n<\/ul>\n<\/li>\n<\/ul>\n<\/li>\n<li>Ausr\u00fcstung: \u00a0Divese Geb\u00e4ude\n<ul>\n<li style=\"list-style-type: none;\">\n<ul>\n<li style=\"list-style-type: none;\">\n<ul>\n<li style=\"list-style-type: none;\">\n<ul>\n<li>Gleisanschluss vom Bahnhof <a title=\"54,700 \u2013 Bf Rehden-Wetschen\" href=\"http:\/\/location-x.info\/?page_id=14678\">Rehden-Wetschen<\/a><\/li>\n<\/ul>\n<\/li>\n<\/ul>\n<\/li>\n<\/ul>\n<\/li>\n<\/ul>\n<\/li>\n<li>Ist-Zustand: Das Gel\u00e4nde ist Industriegebiet, die Fl\u00e4che der Muna ist Privatbesitz<\/li>\n<li>Recherchen: \u00a02013 \u00a0 \u00a0 \u00a0 \u00a0 \u00a0 \u00a0 \u00a0Exkursion:<\/li>\n<li>Fundstellen:<\/li>\n<\/ul>\n<p><strong>Lage<\/strong><\/p>\n\n\n\t\t\t\t<div id=\"map_ol3js_1\" class=\"map undefined\" data-map_name=\"undefined\" data-map=\"map_ol3js_1\" style=\"width:100%; max-width:100%; height:450px; display:block; overflow:hidden;border:thin solid;\" >\n\t\t\t\t  <div id=\"map_ol3js_1_popup\" class=\"ol-popup\" >\n\t\t\t\t\t<a href=\"#\" id=\"map_ol3js_1_popup-closer\" class=\"ol-popup-closer\"><\/a>\n\t\t\t\t\t<div id=\"map_ol3js_1_popup-content\" ><\/div>\n\t\t\t\t  <\/div>\n\t\t\t\t<\/div>\n\t\t\t\n\n\t\t\t\t<script type=\"text\/javascript\">\n\t\t\t\t\ttranslations['openlayer'] = \"open layer\";\n\t\t\t\t\ttranslations['openlayerAtStartup'] = \"open layer at startup\";\n\t\t\t\t\ttranslations['generateLink'] = \"Der Link zur Karte mit ausgew\u00e4hlten Overlays und angezeigtem Ausschnitt\";\n\t\t\t\t\ttranslations['shortDescription'] = \"Kurzbeschreibung\";\n\t\t\t\t\ttranslations['generatedShortCode'] = \"to get a text control link paste this code in your wordpress editor\";\n\t\t\t\t\ttranslations['closeLayer'] = \"close layer\";\n\t\t\t\t\ttranslations['cantGenerateLink'] = \"put this string in the existing map short code to control this map\";\n\t\t\t  <\/script>\n\n\n\t\t\t  <script type=\"text\/javascript\">\n\t\t\t  vectorM['map_ol3js_1'] = [];\n\t        \n        var raster = getTileLayer(\"\",\"NoKey\");\t\t\t\n\n\t\t\t  var map_ol3js_1 = new ol.Map({\n\t\t\t\tinteractions: ol.interaction.defaults.defaults({mouseWheelZoom:false}),\n\t\t\t\tlayers: [raster],\n\t\t\t\ttarget: \"map_ol3js_1\",\n\t\t\t\tview: new ol.View({\n\t\t\t\t  center: ol.proj.transform([8.4909,52.6225], \"EPSG:4326\", \"EPSG:3857\"),\n\t\t\t\t  zoom: 13.676698939599168\n\t\t\t\t})\n\t\t\t  });\n\t\t\t  osm_addMarkerLayer(map_ol3js_1,8.4909,52.6225,\"http:\/\/nordwind.info\/wp-content\/plugins\/osm\/icons\/mic_red_pinother_02.png\",-16,-41,\"<p><\/p>\") ; \naddControls2Map(map_ol3js_1,0,0,3,0,5,6,7,0,1);\nosm_addPopupClickhandler(map_ol3js_1,  \"map_ol3js_1\"); \nosm_addMouseHover(map_ol3js_1); <\/script>\n<p>Kartenauszug OSM<\/p>\n<p><a href=\"http:\/\/nordwind.info\/wp-content\/uploads\/2019\/12\/Rehden-ehem.-Muna-crop.png\"><img loading=\"lazy\" decoding=\"async\" class=\"aligncenter size-large wp-image-9178\" src=\"http:\/\/nordwind.info\/wp-content\/uploads\/2019\/12\/Rehden-ehem.-Muna-crop-1024x671.png\" alt=\"\" width=\"640\" height=\"419\" srcset=\"http:\/\/nordwind.info\/wp-content\/uploads\/2019\/12\/Rehden-ehem.-Muna-crop-1024x671.png 1024w, http:\/\/nordwind.info\/wp-content\/uploads\/2019\/12\/Rehden-ehem.-Muna-crop-300x197.png 300w, http:\/\/nordwind.info\/wp-content\/uploads\/2019\/12\/Rehden-ehem.-Muna-crop-768x504.png 768w, http:\/\/nordwind.info\/wp-content\/uploads\/2019\/12\/Rehden-ehem.-Muna-crop-1536x1007.png 1536w, http:\/\/nordwind.info\/wp-content\/uploads\/2019\/12\/Rehden-ehem.-Muna-crop.png 1885w\" sizes=\"auto, (max-width: 640px) 100vw, 640px\" \/><\/a><\/p>\n<p>Kartenauszug<\/p>\n<p><a href=\"http:\/\/nordwind.info\/wp-content\/uploads\/2019\/12\/01-Rehden.jpg\"><img loading=\"lazy\" decoding=\"async\" class=\"aligncenter size-full wp-image-9179\" src=\"http:\/\/nordwind.info\/wp-content\/uploads\/2019\/12\/01-Rehden.jpg\" alt=\"\" width=\"640\" height=\"740\" srcset=\"http:\/\/nordwind.info\/wp-content\/uploads\/2019\/12\/01-Rehden.jpg 640w, http:\/\/nordwind.info\/wp-content\/uploads\/2019\/12\/01-Rehden-259x300.jpg 259w\" sizes=\"auto, (max-width: 640px) 100vw, 640px\" \/><\/a><\/p>\n<p>Lageskizze Gleisanlagen<\/p>\n<p><a href=\"#\">Nach oben<\/a><\/p>\n","protected":false},"excerpt":{"rendered":"<p>Objektname: Heeresmunitionsanstalt Rehden Ortslage\/LK: Rehden, LK Diepholz, Niedersachsen Nutzungen: \u00a0\u00a0Wehrmacht (1939 &#8211; 1945) Bundeswehr (1950 &#8211; 1992) Depot Zivile Nutzung Ausr\u00fcstung: \u00a0Divese Geb\u00e4ude Gleisanschluss vom Bahnhof Rehden-Wetschen Ist-Zustand: Das Gel\u00e4nde ist Industriegebiet, die Fl\u00e4che der Muna ist Privatbesitz Recherchen: \u00a02013 &hellip; <a href=\"http:\/\/nordwind.info\/?page_id=9176\">Weiterlesen <span class=\"meta-nav\">&rarr;<\/span><\/a><\/p>\n","protected":false},"author":1,"featured_media":0,"parent":14039,"menu_order":0,"comment_status":"closed","ping_status":"closed","template":"","meta":{"footnotes":""},"class_list":["post-9176","page","type-page","status-publish","hentry"],"_links":{"self":[{"href":"http:\/\/nordwind.info\/index.php?rest_route=\/wp\/v2\/pages\/9176","targetHints":{"allow":["GET"]}}],"collection":[{"href":"http:\/\/nordwind.info\/index.php?rest_route=\/wp\/v2\/pages"}],"about":[{"href":"http:\/\/nordwind.info\/index.php?rest_route=\/wp\/v2\/types\/page"}],"author":[{"embeddable":true,"href":"http:\/\/nordwind.info\/index.php?rest_route=\/wp\/v2\/users\/1"}],"replies":[{"embeddable":true,"href":"http:\/\/nordwind.info\/index.php?rest_route=%2Fwp%2Fv2%2Fcomments&post=9176"}],"version-history":[{"count":7,"href":"http:\/\/nordwind.info\/index.php?rest_route=\/wp\/v2\/pages\/9176\/revisions"}],"predecessor-version":[{"id":14052,"href":"http:\/\/nordwind.info\/index.php?rest_route=\/wp\/v2\/pages\/9176\/revisions\/14052"}],"up":[{"embeddable":true,"href":"http:\/\/nordwind.info\/index.php?rest_route=\/wp\/v2\/pages\/14039"}],"wp:attachment":[{"href":"http:\/\/nordwind.info\/index.php?rest_route=%2Fwp%2Fv2%2Fmedia&parent=9176"}],"curies":[{"name":"wp","href":"https:\/\/api.w.org\/{rel}","templated":true}]}}