

{"id":2968,"date":"2018-03-15T05:19:17","date_gmt":"2018-03-15T05:19:17","guid":{"rendered":"http:\/\/nordwind.info\/?page_id=2968"},"modified":"2023-09-25T12:46:19","modified_gmt":"2023-09-25T12:46:19","slug":"11090-bf-muenchehagen","status":"publish","type":"page","link":"http:\/\/nordwind.info\/?page_id=2968","title":{"rendered":"11,090 &#8211; Bf M\u00fcnchehagen"},"content":{"rendered":"<p>\n\n\t\t\t\t<div id=\"map_ol3js_1\" class=\"map undefined\" data-map_name=\"undefined\" data-map=\"map_ol3js_1\" style=\"width:100%; max-width:100%; height:450px; display:block; overflow:hidden;border:2px solid grey;\" >\n\t\t\t\t  <div id=\"map_ol3js_1_popup\" class=\"ol-popup\" >\n\t\t\t\t\t<a href=\"#\" id=\"map_ol3js_1_popup-closer\" class=\"ol-popup-closer\"><\/a>\n\t\t\t\t\t<div id=\"map_ol3js_1_popup-content\" ><\/div>\n\t\t\t\t  <\/div>\n\t\t\t\t<\/div>\n\t\t\t\n\n\t\t\t\t<script type=\"text\/javascript\">\n\t\t\t\t\ttranslations['openlayer'] = \"open layer\";\n\t\t\t\t\ttranslations['openlayerAtStartup'] = \"open layer at startup\";\n\t\t\t\t\ttranslations['generateLink'] = \"Der Link zur Karte mit ausgew\u00e4hlten Overlays und angezeigtem Ausschnitt\";\n\t\t\t\t\ttranslations['shortDescription'] = \"Kurzbeschreibung\";\n\t\t\t\t\ttranslations['generatedShortCode'] = \"to get a text control link paste this code in your wordpress editor\";\n\t\t\t\t\ttranslations['closeLayer'] = \"close layer\";\n\t\t\t\t\ttranslations['cantGenerateLink'] = \"put this string in the existing map short code to control this map\";\n\t\t\t  <\/script>\n\n\n\t\t\t  <script type=\"text\/javascript\">\n\t\t\t  vectorM['map_ol3js_1'] = [];\n\t        \n        var raster = getTileLayer(\"osm\",\"NoKey\");\t\t\t\n\n\t\t\t  var map_ol3js_1 = new ol.Map({\n\t\t\t\tinteractions: ol.interaction.defaults.defaults({mouseWheelZoom:false}),\n\t\t\t\tlayers: [raster],\n\t\t\t\ttarget: \"map_ol3js_1\",\n\t\t\t\tview: new ol.View({\n\t\t\t\t  center: ol.proj.transform([9.1832,52.4333], \"EPSG:4326\", \"EPSG:3857\"),\n\t\t\t\t  zoom: 14\n\t\t\t\t})\n\t\t\t  });\n\t\t\t  addControls2Map(map_ol3js_1,0,0,3,0,5,6,7,0,1);\nosm_addPopupClickhandler(map_ol3js_1,  \"map_ol3js_1\"); \nosm_addMouseHover(map_ol3js_1); <\/script><br \/>\nKartenauszug OSM<br \/>\n<a href=\"http:\/\/nordwind.info\/wp-content\/uploads\/2018\/03\/Muenchehagen-OSM.png\"><img loading=\"lazy\" decoding=\"async\" class=\"aligncenter size-full wp-image-2994\" src=\"http:\/\/nordwind.info\/wp-content\/uploads\/2018\/03\/Muenchehagen-OSM.png\" alt=\"\" width=\"911\" height=\"538\" srcset=\"http:\/\/nordwind.info\/wp-content\/uploads\/2018\/03\/Muenchehagen-OSM.png 911w, http:\/\/nordwind.info\/wp-content\/uploads\/2018\/03\/Muenchehagen-OSM-300x177.png 300w, http:\/\/nordwind.info\/wp-content\/uploads\/2018\/03\/Muenchehagen-OSM-768x454.png 768w\" sizes=\"auto, (max-width: 911px) 100vw, 911px\" \/><\/a>Kartenauszug\u00a0<a href=\"http:\/\/www.openrailwaymap.org\/mobile.php?searchquery=&amp;lang=de\" target=\"_blank\" rel=\"noopener noreferrer\">OpenRailwayMap<\/a>\u00a0&#8211;\u00a0\u00dcbersicht\u00a0<a href=\"http:\/\/nordwind.info\/?page_id=2722\">Strecke 1742<\/a><\/p>\n<p><a href=\"http:\/\/nordwind.info\/wp-content\/uploads\/2018\/03\/Muenchehagen-komplett.jpg\"><img loading=\"lazy\" decoding=\"async\" class=\"aligncenter size-large wp-image-2995\" src=\"http:\/\/nordwind.info\/wp-content\/uploads\/2018\/03\/Muenchehagen-komplett-1024x693.jpg\" alt=\"\" width=\"640\" height=\"433\" srcset=\"http:\/\/nordwind.info\/wp-content\/uploads\/2018\/03\/Muenchehagen-komplett-1024x693.jpg 1024w, http:\/\/nordwind.info\/wp-content\/uploads\/2018\/03\/Muenchehagen-komplett-300x203.jpg 300w, http:\/\/nordwind.info\/wp-content\/uploads\/2018\/03\/Muenchehagen-komplett-768x520.jpg 768w, http:\/\/nordwind.info\/wp-content\/uploads\/2018\/03\/Muenchehagen-komplett.jpg 1278w\" sizes=\"auto, (max-width: 640px) 100vw, 640px\" \/><\/a><\/p>\n<p>Kartenauszug TK 1:25.000 (Reichsamt f\u00fcr Landesaufnahme 1945)<\/p>\n<p><a href=\"http:\/\/nordwind.info\/wp-content\/uploads\/2018\/03\/Bf-Muenchehagen-Lageplan-1.jpg\"><img loading=\"lazy\" decoding=\"async\" class=\"aligncenter size-large wp-image-2997\" src=\"http:\/\/nordwind.info\/wp-content\/uploads\/2018\/03\/Bf-Muenchehagen-Lageplan-1-1024x724.jpg\" alt=\"\" width=\"640\" height=\"453\" srcset=\"http:\/\/nordwind.info\/wp-content\/uploads\/2018\/03\/Bf-Muenchehagen-Lageplan-1-1024x724.jpg 1024w, http:\/\/nordwind.info\/wp-content\/uploads\/2018\/03\/Bf-Muenchehagen-Lageplan-1-300x212.jpg 300w, http:\/\/nordwind.info\/wp-content\/uploads\/2018\/03\/Bf-Muenchehagen-Lageplan-1-768x543.jpg 768w, http:\/\/nordwind.info\/wp-content\/uploads\/2018\/03\/Bf-Muenchehagen-Lageplan-1.jpg 1280w\" sizes=\"auto, (max-width: 640px) 100vw, 640px\" \/><\/a><\/p>\n<p>Lageplan Bahnhof M\u00fcnchehagen, Zustand 1956<\/p>\n<p><a href=\"http:\/\/nordwind.info\/wp-content\/uploads\/2018\/03\/Muenchehagen.jpg\"><img loading=\"lazy\" decoding=\"async\" class=\"aligncenter size-large wp-image-2998\" src=\"http:\/\/nordwind.info\/wp-content\/uploads\/2018\/03\/Muenchehagen-1024x728.jpg\" alt=\"\" width=\"640\" height=\"455\" srcset=\"http:\/\/nordwind.info\/wp-content\/uploads\/2018\/03\/Muenchehagen-1024x728.jpg 1024w, http:\/\/nordwind.info\/wp-content\/uploads\/2018\/03\/Muenchehagen-300x213.jpg 300w, http:\/\/nordwind.info\/wp-content\/uploads\/2018\/03\/Muenchehagen-768x546.jpg 768w, http:\/\/nordwind.info\/wp-content\/uploads\/2018\/03\/Muenchehagen.jpg 1280w\" sizes=\"auto, (max-width: 640px) 100vw, 640px\" \/><\/a>Luftaufnahme Bahnhof M\u00fcnchehagen 1964 (by N. Bartel, K\u00f6ln)<\/p>\n<p><a href=\"http:\/\/nordwind.info\/wp-content\/uploads\/2018\/03\/11091-ehem-EG-Bf-Muenchehagen.jpg\"><img loading=\"lazy\" decoding=\"async\" class=\"aligncenter wp-image-2999 size-large\" src=\"http:\/\/nordwind.info\/wp-content\/uploads\/2018\/03\/11091-ehem-EG-Bf-Muenchehagen-1024x577.jpg\" alt=\"\" width=\"640\" height=\"361\" srcset=\"http:\/\/nordwind.info\/wp-content\/uploads\/2018\/03\/11091-ehem-EG-Bf-Muenchehagen-1024x577.jpg 1024w, http:\/\/nordwind.info\/wp-content\/uploads\/2018\/03\/11091-ehem-EG-Bf-Muenchehagen-300x169.jpg 300w, http:\/\/nordwind.info\/wp-content\/uploads\/2018\/03\/11091-ehem-EG-Bf-Muenchehagen-768x433.jpg 768w, http:\/\/nordwind.info\/wp-content\/uploads\/2018\/03\/11091-ehem-EG-Bf-Muenchehagen.jpg 1280w\" sizes=\"auto, (max-width: 640px) 100vw, 640px\" \/><\/a><\/p>\n<p>11,090 &#8211; Bahnhof M\u00fcnchehagen, ehemaligen Bahnhofsgeb\u00e4ude<\/p>\n<p><a href=\"http:\/\/nordwind.info\/wp-content\/uploads\/2018\/03\/5e1eedda45c4c9405ed63230a67fdd2a.jpg\"><img loading=\"lazy\" decoding=\"async\" class=\"aligncenter size-full wp-image-3000\" src=\"http:\/\/nordwind.info\/wp-content\/uploads\/2018\/03\/5e1eedda45c4c9405ed63230a67fdd2a.jpg\" alt=\"\" width=\"640\" height=\"360\" srcset=\"http:\/\/nordwind.info\/wp-content\/uploads\/2018\/03\/5e1eedda45c4c9405ed63230a67fdd2a.jpg 640w, http:\/\/nordwind.info\/wp-content\/uploads\/2018\/03\/5e1eedda45c4c9405ed63230a67fdd2a-300x169.jpg 300w\" sizes=\"auto, (max-width: 640px) 100vw, 640px\" \/><\/a>12,000 &#8211; Stra\u00dfenbr\u00fccke<\/p>\n<table>\n<tbody>\n<tr>\n<td><a href=\"http:\/\/nordwind.info\/wp-content\/uploads\/2018\/05\/13000-EBR-Bach.png\"><img loading=\"lazy\" decoding=\"async\" class=\"alignleft size-full wp-image-3837\" src=\"http:\/\/nordwind.info\/wp-content\/uploads\/2018\/05\/13000-EBR-Bach.png\" alt=\"\" width=\"640\" height=\"480\" srcset=\"http:\/\/nordwind.info\/wp-content\/uploads\/2018\/05\/13000-EBR-Bach.png 640w, http:\/\/nordwind.info\/wp-content\/uploads\/2018\/05\/13000-EBR-Bach-300x225.png 300w\" sizes=\"auto, (max-width: 640px) 100vw, 640px\" \/><\/a><\/td>\n<td><a href=\"http:\/\/nordwind.info\/wp-content\/uploads\/2018\/05\/13000-EBR-Bach.jpg\"><img loading=\"lazy\" decoding=\"async\" class=\"alignleft size-full wp-image-3838\" src=\"http:\/\/nordwind.info\/wp-content\/uploads\/2018\/05\/13000-EBR-Bach.jpg\" alt=\"\" width=\"640\" height=\"480\" srcset=\"http:\/\/nordwind.info\/wp-content\/uploads\/2018\/05\/13000-EBR-Bach.jpg 640w, http:\/\/nordwind.info\/wp-content\/uploads\/2018\/05\/13000-EBR-Bach-300x225.jpg 300w\" sizes=\"auto, (max-width: 640px) 100vw, 640px\" \/><\/a><\/td>\n<\/tr>\n<\/tbody>\n<\/table>\n<p>13,000 &#8211; EBR Wasserdurchla\u00df \/ Bach<\/p>\n<p><a href=\"http:\/\/nordwind.info\/wp-content\/uploads\/2018\/05\/EBR.jpg\"><img loading=\"lazy\" decoding=\"async\" class=\"alignleft size-full wp-image-3845\" src=\"http:\/\/nordwind.info\/wp-content\/uploads\/2018\/05\/EBR.jpg\" alt=\"\" width=\"640\" height=\"480\" srcset=\"http:\/\/nordwind.info\/wp-content\/uploads\/2018\/05\/EBR.jpg 640w, http:\/\/nordwind.info\/wp-content\/uploads\/2018\/05\/EBR-300x225.jpg 300w\" sizes=\"auto, (max-width: 640px) 100vw, 640px\" \/><\/a><\/p>\n<p>15,000 &#8211; EBR Wasserdurchla\u00df \/ Bach<\/p>\n<p><a href=\"http:\/\/nordwind.info\/wp-content\/uploads\/2023\/09\/IMG_4234.jpeg\"><img loading=\"lazy\" decoding=\"async\" class=\"alignright size-full wp-image-11267\" src=\"http:\/\/nordwind.info\/wp-content\/uploads\/2023\/09\/IMG_4234.jpeg\" alt=\"\" width=\"1280\" height=\"960\" srcset=\"http:\/\/nordwind.info\/wp-content\/uploads\/2023\/09\/IMG_4234.jpeg 1280w, http:\/\/nordwind.info\/wp-content\/uploads\/2023\/09\/IMG_4234-300x225.jpeg 300w, http:\/\/nordwind.info\/wp-content\/uploads\/2023\/09\/IMG_4234-1024x768.jpeg 1024w, http:\/\/nordwind.info\/wp-content\/uploads\/2023\/09\/IMG_4234-768x576.jpeg 768w\" sizes=\"auto, (max-width: 1280px) 100vw, 1280px\" \/><\/a><\/p>\n<p>15,500 &#8211; ehem Bahndamm zwischen M\u00fcnchehagen und Wiedensahl<\/p>\n<p><a href=\"http:\/\/nordwind.info\/wp-content\/uploads\/2023\/09\/IMG_4236.jpeg\"><img loading=\"lazy\" decoding=\"async\" class=\"alignright size-full wp-image-11268\" src=\"http:\/\/nordwind.info\/wp-content\/uploads\/2023\/09\/IMG_4236.jpeg\" alt=\"\" width=\"1280\" height=\"960\" srcset=\"http:\/\/nordwind.info\/wp-content\/uploads\/2023\/09\/IMG_4236.jpeg 1280w, http:\/\/nordwind.info\/wp-content\/uploads\/2023\/09\/IMG_4236-300x225.jpeg 300w, http:\/\/nordwind.info\/wp-content\/uploads\/2023\/09\/IMG_4236-1024x768.jpeg 1024w, http:\/\/nordwind.info\/wp-content\/uploads\/2023\/09\/IMG_4236-768x576.jpeg 768w\" sizes=\"auto, (max-width: 1280px) 100vw, 1280px\" \/><\/a><\/p>\n<p>15,500 &#8211; ehem Bahndamm zwischen M\u00fcnchehagen und Wiedensahl<\/p>\n<ul>\n<li>&lt;&lt;&lt; <a href=\"http:\/\/nordwind.info\/?page_id=2666\">Loccum<\/a><\/li>\n<li>&gt;&gt;&gt; <a href=\"http:\/\/nordwind.info\/?page_id=2676\">Wiedensahl<\/a><\/li>\n<\/ul>\n<p><a href=\"#\">Nach oben<\/a><\/p>\n<p><a href=\"http:\/\/nordwind.info\/wp-content\/uploads\/2018\/03\/sh2schluss.gif\"><img loading=\"lazy\" decoding=\"async\" class=\"aligncenter size-full wp-image-2750\" src=\"http:\/\/nordwind.info\/wp-content\/uploads\/2018\/03\/sh2schluss.gif\" alt=\"\" width=\"45\" height=\"66\" \/><\/a><\/p>\n","protected":false},"excerpt":{"rendered":"<p>Kartenauszug OSM Kartenauszug\u00a0OpenRailwayMap\u00a0&#8211;\u00a0\u00dcbersicht\u00a0Strecke 1742 Kartenauszug TK 1:25.000 (Reichsamt f\u00fcr Landesaufnahme 1945) Lageplan Bahnhof M\u00fcnchehagen, Zustand 1956 Luftaufnahme Bahnhof M\u00fcnchehagen 1964 (by N. Bartel, K\u00f6ln) 11,090 &#8211; Bahnhof M\u00fcnchehagen, ehemaligen Bahnhofsgeb\u00e4ude 12,000 &#8211; Stra\u00dfenbr\u00fccke 13,000 &#8211; EBR Wasserdurchla\u00df \/ Bach 15,000 &hellip; <a href=\"http:\/\/nordwind.info\/?page_id=2968\">Weiterlesen <span class=\"meta-nav\">&rarr;<\/span><\/a><\/p>\n","protected":false},"author":1,"featured_media":0,"parent":2722,"menu_order":0,"comment_status":"closed","ping_status":"closed","template":"","meta":{"footnotes":""},"class_list":["post-2968","page","type-page","status-publish","hentry"],"_links":{"self":[{"href":"http:\/\/nordwind.info\/index.php?rest_route=\/wp\/v2\/pages\/2968","targetHints":{"allow":["GET"]}}],"collection":[{"href":"http:\/\/nordwind.info\/index.php?rest_route=\/wp\/v2\/pages"}],"about":[{"href":"http:\/\/nordwind.info\/index.php?rest_route=\/wp\/v2\/types\/page"}],"author":[{"embeddable":true,"href":"http:\/\/nordwind.info\/index.php?rest_route=\/wp\/v2\/users\/1"}],"replies":[{"embeddable":true,"href":"http:\/\/nordwind.info\/index.php?rest_route=%2Fwp%2Fv2%2Fcomments&post=2968"}],"version-history":[{"count":9,"href":"http:\/\/nordwind.info\/index.php?rest_route=\/wp\/v2\/pages\/2968\/revisions"}],"predecessor-version":[{"id":11269,"href":"http:\/\/nordwind.info\/index.php?rest_route=\/wp\/v2\/pages\/2968\/revisions\/11269"}],"up":[{"embeddable":true,"href":"http:\/\/nordwind.info\/index.php?rest_route=\/wp\/v2\/pages\/2722"}],"wp:attachment":[{"href":"http:\/\/nordwind.info\/index.php?rest_route=%2Fwp%2Fv2%2Fmedia&parent=2968"}],"curies":[{"name":"wp","href":"https:\/\/api.w.org\/{rel}","templated":true}]}}