{"id":2534,"date":"2018-02-20T05:35:27","date_gmt":"2018-02-20T05:35:27","guid":{"rendered":"http:\/\/nordwind.info\/?page_id=2534"},"modified":"2018-06-15T04:08:35","modified_gmt":"2018-06-15T04:08:35","slug":"leese-zwei-gueterzuege-prallten-frontal-zusammen","status":"publish","type":"page","link":"http:\/\/nordwind.info\/?page_id=2534","title":{"rendered":"30.06.2017 &#8211; Leese, Bahnberiebsunfall"},"content":{"rendered":"<p style=\"text-align: justify;\">Am 30.06.2017, gegen 14:45 Uhr prallte ein aus Richtung Minden kommender G\u00fcterzug mit einem in Gleis 3 des Bahnhofs Leese-Stolzenau stehenden G\u00fcterzug zusammen. Bei diesem Zusammensto\u00df wurden beide Triebfahrzeugf\u00fchrer schwer verletzt und mu\u00dften in die Krankenh\u00e4user Nienburg und Minden verbracht werden. Der Fahrdienstleiter des Bahnhofs Leese-Stolzenau erlitt durch diesen Vorfall einen Schock und mu\u00dfte ebenfalls im Krankenhaus behandelt werden. Durch diesen Vorfall entgleisten zahlreiche Eisenbahnfahrzeuge, wobei ein Containerfahrzeug auf die Stra\u00dfe \u201eAm Zappenberg\u201c herabst\u00fcrzte. \u00dcber die Unfallursache konnten zum Zeitpunkt noch keine Angaben gemacht werden. <a href=\"http:\/\/dg3of.de\/?encyclopedia=leese-unfall-30-06-2017\">Presseberichte<\/a><\/p>\n<p>Abschluss- \/ Untersuchungsbericht: <a href=\"https:\/\/www.eba.bund.de\/SharedDocs\/Downloads\/EUB\/Untersuchungsberichte\/2017\/105_Leese-Stolzenau.pdf;jsessionid=0D4890051D49DA95AECF6ED7CECC31B4.live11291?__blob=publicationFile&amp;v=2\" target=\"_blank\" rel=\"noopener\">EBA<\/a><\/p>\n<p><a href=\"http:\/\/nordwind.info\/wp-content\/uploads\/2017\/09\/Leese-Stolzenau.jpg\"><img loading=\"lazy\" decoding=\"async\" class=\"alignleft size-large wp-image-1075\" src=\"http:\/\/nordwind.info\/wp-content\/uploads\/2017\/09\/Leese-Stolzenau-1024x510.jpg\" alt=\"\" width=\"640\" height=\"319\" srcset=\"http:\/\/nordwind.info\/wp-content\/uploads\/2017\/09\/Leese-Stolzenau-1024x510.jpg 1024w, http:\/\/nordwind.info\/wp-content\/uploads\/2017\/09\/Leese-Stolzenau-300x149.jpg 300w, http:\/\/nordwind.info\/wp-content\/uploads\/2017\/09\/Leese-Stolzenau-768x382.jpg 768w, http:\/\/nordwind.info\/wp-content\/uploads\/2017\/09\/Leese-Stolzenau.jpg 1280w\" sizes=\"auto, (max-width: 640px) 100vw, 640px\" \/><\/a><\/p>\n<p>Lageplan Bahnhof Leese-Stolzenau<\/p>\n<p><a href=\"http:\/\/nordwind.info\/wp-content\/uploads\/2017\/09\/170701-Leese-Bahnunfall-o3-1024x587.png\"><img loading=\"lazy\" decoding=\"async\" class=\"alignleft wp-image-1073 size-large\" src=\"http:\/\/nordwind.info\/wp-content\/uploads\/2017\/09\/170701-Leese-Bahnunfall-o3-1024x587-1024x587.png\" alt=\"\" width=\"640\" height=\"367\" srcset=\"http:\/\/nordwind.info\/wp-content\/uploads\/2017\/09\/170701-Leese-Bahnunfall-o3-1024x587.png 1024w, http:\/\/nordwind.info\/wp-content\/uploads\/2017\/09\/170701-Leese-Bahnunfall-o3-1024x587-300x172.png 300w, http:\/\/nordwind.info\/wp-content\/uploads\/2017\/09\/170701-Leese-Bahnunfall-o3-1024x587-768x440.png 768w\" sizes=\"auto, (max-width: 640px) 100vw, 640px\" \/><\/a><\/p>\n<p>&nbsp;<\/p>\n<p><a href=\"http:\/\/nordwind.info\/wp-content\/uploads\/2017\/09\/170701-Leese-Bahnunfall-01.jpg\"><img loading=\"lazy\" decoding=\"async\" class=\"alignleft wp-image-1074 size-full\" src=\"http:\/\/nordwind.info\/wp-content\/uploads\/2017\/09\/170701-Leese-Bahnunfall-01.jpg\" alt=\"\" width=\"1124\" height=\"1997\" srcset=\"http:\/\/nordwind.info\/wp-content\/uploads\/2017\/09\/170701-Leese-Bahnunfall-01.jpg 1124w, http:\/\/nordwind.info\/wp-content\/uploads\/2017\/09\/170701-Leese-Bahnunfall-01-169x300.jpg 169w, http:\/\/nordwind.info\/wp-content\/uploads\/2017\/09\/170701-Leese-Bahnunfall-01-768x1364.jpg 768w, http:\/\/nordwind.info\/wp-content\/uploads\/2017\/09\/170701-Leese-Bahnunfall-01-576x1024.jpg 576w\" sizes=\"auto, (max-width: 1124px) 100vw, 1124px\" \/><\/a><\/p>\n<p>01.07.2017\u00a0&#8211; Die Harke &#8211; Nienburger Tageszeitung<\/p>\n<p><a href=\"http:\/\/nordwind.info\/wp-content\/uploads\/2017\/09\/170704-Leese-Titelfoto-1024x576.png\"><img loading=\"lazy\" decoding=\"async\" class=\"alignleft wp-image-1076 size-large\" src=\"http:\/\/nordwind.info\/wp-content\/uploads\/2017\/09\/170704-Leese-Titelfoto-1024x576-1024x576.png\" alt=\"\" width=\"640\" height=\"360\" srcset=\"http:\/\/nordwind.info\/wp-content\/uploads\/2017\/09\/170704-Leese-Titelfoto-1024x576.png 1024w, http:\/\/nordwind.info\/wp-content\/uploads\/2017\/09\/170704-Leese-Titelfoto-1024x576-300x169.png 300w, http:\/\/nordwind.info\/wp-content\/uploads\/2017\/09\/170704-Leese-Titelfoto-1024x576-768x432.png 768w\" sizes=\"auto, (max-width: 640px) 100vw, 640px\" \/><\/a><\/p>\n<p>04.07.2017\u00a0&#8211; Die Harke &#8211; Nienburger Tageszeitung<\/p>\n<p><a href=\"http:\/\/nordwind.info\/wp-content\/uploads\/2017\/09\/170704-Leese-Bergungsarbeiten-schreiten-voran.jpg\"><img loading=\"lazy\" decoding=\"async\" class=\"alignleft wp-image-1077 size-large\" src=\"http:\/\/nordwind.info\/wp-content\/uploads\/2017\/09\/170704-Leese-Bergungsarbeiten-schreiten-voran-902x1024.jpg\" alt=\"\" width=\"640\" height=\"727\" srcset=\"http:\/\/nordwind.info\/wp-content\/uploads\/2017\/09\/170704-Leese-Bergungsarbeiten-schreiten-voran-902x1024.jpg 902w, http:\/\/nordwind.info\/wp-content\/uploads\/2017\/09\/170704-Leese-Bergungsarbeiten-schreiten-voran-264x300.jpg 264w, http:\/\/nordwind.info\/wp-content\/uploads\/2017\/09\/170704-Leese-Bergungsarbeiten-schreiten-voran-768x872.jpg 768w, http:\/\/nordwind.info\/wp-content\/uploads\/2017\/09\/170704-Leese-Bergungsarbeiten-schreiten-voran.jpg 1351w\" sizes=\"auto, (max-width: 640px) 100vw, 640px\" \/><\/a><\/p>\n<p>04.07.2017 &#8211; Die Harke &#8211; Nienburger Tageszeitung<\/p>\n<p><a href=\"http:\/\/nordwind.info\/wp-content\/uploads\/2017\/09\/170707-Leese-Aufr\u00e4umarbeiten.png\"><img loading=\"lazy\" decoding=\"async\" class=\"alignleft wp-image-1078 size-large\" src=\"http:\/\/nordwind.info\/wp-content\/uploads\/2017\/09\/170707-Leese-Aufr\u00e4umarbeiten-1024x604.png\" alt=\"\" width=\"640\" height=\"378\" srcset=\"http:\/\/nordwind.info\/wp-content\/uploads\/2017\/09\/170707-Leese-Aufr\u00e4umarbeiten-1024x604.png 1024w, http:\/\/nordwind.info\/wp-content\/uploads\/2017\/09\/170707-Leese-Aufr\u00e4umarbeiten-300x177.png 300w, http:\/\/nordwind.info\/wp-content\/uploads\/2017\/09\/170707-Leese-Aufr\u00e4umarbeiten-768x453.png 768w, http:\/\/nordwind.info\/wp-content\/uploads\/2017\/09\/170707-Leese-Aufr\u00e4umarbeiten.png 1512w\" sizes=\"auto, (max-width: 640px) 100vw, 640px\" \/><\/a><\/p>\n<p>07.07.2017 &#8211; Die Harke &#8211; Nienburger Tageszeitung<br \/>\n<a href=\"http:\/\/nordwind.info\/wp-content\/uploads\/2017\/09\/20170811-Leese-Zugungl\u00fcck-Ermittlungsans\u00e4tze.jpg\"><img loading=\"lazy\" decoding=\"async\" class=\"alignleft wp-image-1079 size-large\" src=\"http:\/\/nordwind.info\/wp-content\/uploads\/2017\/09\/20170811-Leese-Zugungl\u00fcck-Ermittlungsans\u00e4tze-927x1024.jpg\" alt=\"\" width=\"640\" height=\"707\" srcset=\"http:\/\/nordwind.info\/wp-content\/uploads\/2017\/09\/20170811-Leese-Zugungl\u00fcck-Ermittlungsans\u00e4tze-927x1024.jpg 927w, http:\/\/nordwind.info\/wp-content\/uploads\/2017\/09\/20170811-Leese-Zugungl\u00fcck-Ermittlungsans\u00e4tze-271x300.jpg 271w, http:\/\/nordwind.info\/wp-content\/uploads\/2017\/09\/20170811-Leese-Zugungl\u00fcck-Ermittlungsans\u00e4tze-768x849.jpg 768w, http:\/\/nordwind.info\/wp-content\/uploads\/2017\/09\/20170811-Leese-Zugungl\u00fcck-Ermittlungsans\u00e4tze.jpg 1131w\" sizes=\"auto, (max-width: 640px) 100vw, 640px\" \/><\/a>11.08.2017 &#8211; Die Harke &#8211; Nienburger Tageszeitung<\/p>\n<p><a href=\"#\">Nach oben<\/a><\/p>\n","protected":false},"excerpt":{"rendered":"<p>Am 30.06.2017, gegen 14:45 Uhr prallte ein aus Richtung Minden kommender G\u00fcterzug mit einem in Gleis 3 des Bahnhofs Leese-Stolzenau stehenden G\u00fcterzug zusammen. Bei diesem Zusammensto\u00df wurden beide Triebfahrzeugf\u00fchrer schwer verletzt und mu\u00dften in die Krankenh\u00e4user Nienburg und Minden verbracht &hellip; <a href=\"http:\/\/nordwind.info\/?page_id=2534\">Weiterlesen <span class=\"meta-nav\">&rarr;<\/span><\/a><\/p>\n","protected":false},"author":1,"featured_media":0,"parent":2540,"menu_order":0,"comment_status":"closed","ping_status":"closed","template":"","meta":{"footnotes":""},"class_list":["post-2534","page","type-page","status-publish","hentry"],"_links":{"self":[{"href":"http:\/\/nordwind.info\/index.php?rest_route=\/wp\/v2\/pages\/2534","targetHints":{"allow":["GET"]}}],"collection":[{"href":"http:\/\/nordwind.info\/index.php?rest_route=\/wp\/v2\/pages"}],"about":[{"href":"http:\/\/nordwind.info\/index.php?rest_route=\/wp\/v2\/types\/page"}],"author":[{"embeddable":true,"href":"http:\/\/nordwind.info\/index.php?rest_route=\/wp\/v2\/users\/1"}],"replies":[{"embeddable":true,"href":"http:\/\/nordwind.info\/index.php?rest_route=%2Fwp%2Fv2%2Fcomments&post=2534"}],"version-history":[{"count":8,"href":"http:\/\/nordwind.info\/index.php?rest_route=\/wp\/v2\/pages\/2534\/revisions"}],"predecessor-version":[{"id":3982,"href":"http:\/\/nordwind.info\/index.php?rest_route=\/wp\/v2\/pages\/2534\/revisions\/3982"}],"up":[{"embeddable":true,"href":"http:\/\/nordwind.info\/index.php?rest_route=\/wp\/v2\/pages\/2540"}],"wp:attachment":[{"href":"http:\/\/nordwind.info\/index.php?rest_route=%2Fwp%2Fv2%2Fmedia&parent=2534"}],"curies":[{"name":"wp","href":"https:\/\/api.w.org\/{rel}","templated":true}]}}