{"id":12209,"date":"2023-12-08T10:08:48","date_gmt":"2023-12-08T10:08:48","guid":{"rendered":"http:\/\/nordwind.info\/?page_id=12209"},"modified":"2023-12-10T04:44:12","modified_gmt":"2023-12-10T04:44:12","slug":"flugwache-kuppel","status":"publish","type":"page","link":"http:\/\/nordwind.info\/?page_id=12209","title":{"rendered":"Flugwache, Kuppelbau"},"content":{"rendered":"<p style=\"text-align: justify;\">\u00dcberreste von Bauwerken in dieser Art fanden wir auf hoch gelegenen Positionen, wo Turmbauten unn\u00f6tig waren. Erkennbar waren immer ein Ziegelbau, sowie die runde \u00d6ffnung f\u00fcr die mit Glas \u00fcberdachte Beobachtungskuppel.<\/p>\n<p><a href=\"http:\/\/nordwind.info\/wp-content\/uploads\/2016\/05\/Hollige-01.jpg\"><img loading=\"lazy\" decoding=\"async\" class=\"alignleft size-full wp-image-826\" src=\"http:\/\/nordwind.info\/wp-content\/uploads\/2016\/05\/Hollige-01.jpg\" alt=\"\" width=\"1280\" height=\"720\" srcset=\"http:\/\/nordwind.info\/wp-content\/uploads\/2016\/05\/Hollige-01.jpg 1280w, http:\/\/nordwind.info\/wp-content\/uploads\/2016\/05\/Hollige-01-300x169.jpg 300w, http:\/\/nordwind.info\/wp-content\/uploads\/2016\/05\/Hollige-01-768x432.jpg 768w, http:\/\/nordwind.info\/wp-content\/uploads\/2016\/05\/Hollige-01-1024x576.jpg 1024w\" sizes=\"auto, (max-width: 1280px) 100vw, 1280px\" \/><\/a><\/p>\n<p>Hollige, Ziegelbau<\/p>\n<p><a href=\"http:\/\/nordwind.info\/wp-content\/uploads\/2023\/11\/Hollige-06.jpg\"><img loading=\"lazy\" decoding=\"async\" class=\"alignleft size-full wp-image-11644\" src=\"http:\/\/nordwind.info\/wp-content\/uploads\/2023\/11\/Hollige-06.jpg\" alt=\"\" width=\"1280\" height=\"720\" srcset=\"http:\/\/nordwind.info\/wp-content\/uploads\/2023\/11\/Hollige-06.jpg 1280w, http:\/\/nordwind.info\/wp-content\/uploads\/2023\/11\/Hollige-06-300x169.jpg 300w, http:\/\/nordwind.info\/wp-content\/uploads\/2023\/11\/Hollige-06-1024x576.jpg 1024w, http:\/\/nordwind.info\/wp-content\/uploads\/2023\/11\/Hollige-06-768x432.jpg 768w\" sizes=\"auto, (max-width: 1280px) 100vw, 1280px\" \/><\/a><\/p>\n<p>Hollige, Kuppel\u00f6ffnung<\/p>\n<p><a href=\"#\">Nach oben<\/a><\/p>\n","protected":false},"excerpt":{"rendered":"<p>\u00dcberreste von Bauwerken in dieser Art fanden wir auf hoch gelegenen Positionen, wo Turmbauten unn\u00f6tig waren. Erkennbar waren immer ein Ziegelbau, sowie die runde \u00d6ffnung f\u00fcr die mit Glas \u00fcberdachte Beobachtungskuppel. Hollige, Ziegelbau Hollige, Kuppel\u00f6ffnung Nach oben<\/p>\n","protected":false},"author":1,"featured_media":0,"parent":12171,"menu_order":1,"comment_status":"closed","ping_status":"closed","template":"","meta":{"footnotes":""},"class_list":["post-12209","page","type-page","status-publish","hentry"],"_links":{"self":[{"href":"http:\/\/nordwind.info\/index.php?rest_route=\/wp\/v2\/pages\/12209","targetHints":{"allow":["GET"]}}],"collection":[{"href":"http:\/\/nordwind.info\/index.php?rest_route=\/wp\/v2\/pages"}],"about":[{"href":"http:\/\/nordwind.info\/index.php?rest_route=\/wp\/v2\/types\/page"}],"author":[{"embeddable":true,"href":"http:\/\/nordwind.info\/index.php?rest_route=\/wp\/v2\/users\/1"}],"replies":[{"embeddable":true,"href":"http:\/\/nordwind.info\/index.php?rest_route=%2Fwp%2Fv2%2Fcomments&post=12209"}],"version-history":[{"count":6,"href":"http:\/\/nordwind.info\/index.php?rest_route=\/wp\/v2\/pages\/12209\/revisions"}],"predecessor-version":[{"id":12215,"href":"http:\/\/nordwind.info\/index.php?rest_route=\/wp\/v2\/pages\/12209\/revisions\/12215"}],"up":[{"embeddable":true,"href":"http:\/\/nordwind.info\/index.php?rest_route=\/wp\/v2\/pages\/12171"}],"wp:attachment":[{"href":"http:\/\/nordwind.info\/index.php?rest_route=%2Fwp%2Fv2%2Fmedia&parent=12209"}],"curies":[{"name":"wp","href":"https:\/\/api.w.org\/{rel}","templated":true}]}}