{"id":12067,"date":"2023-12-07T11:17:52","date_gmt":"2023-12-07T11:17:52","guid":{"rendered":"http:\/\/nordwind.info\/?page_id=12067"},"modified":"2023-12-28T04:56:41","modified_gmt":"2023-12-28T04:56:41","slug":"07-muenchen","status":"publish","type":"page","link":"http:\/\/nordwind.info\/?page_id=12067","title":{"rendered":"07 M\u00fcnchen"},"content":{"rendered":"<p><span style=\"color: #000000;\"><span style=\"caret-color: #000000;\"><b>Flugwachkommandos<\/b><\/span><\/span><\/p>\n<ul type=\"disc\">\n<li>Augsburg (Aug)<\/li>\n<li>Donaueschingen (Don)<\/li>\n<li>Insbruck (Ins)<\/li>\n<li>Kempten (Kem)<\/li>\n<li>M\u00fchldorf (Mld)<\/li>\n<li>M\u00fcnchen (M\u00fcn)<\/li>\n<li>Passau (Pas)<\/li>\n<li>Ravensburg (Rav)<\/li>\n<li>Stuttgart (Stg)\u00a0\u2013<\/li>\n<li>Traunstein (Traun)<\/li>\n<li>Ulm (Ulm)<\/li>\n<\/ul>\n<p><strong>Karte<\/strong><\/p>\n<p>Google Map<\/p>\n<p><strong>Luftnachrichten-Einheiten<\/strong><\/p>\n<ul>\n<li>Luftgau-Nachrichten-Regiment VII \u2013 M\u00fcnchen (Augsburg)<\/li>\n<\/ul>\n<p><strong>Funkmess-Stellungen<\/strong><\/p>\n<ul>\n<li><a href=\"https:\/\/www.geschichtsspuren.de\/datenbanken\/luftnachrichten-datenbank\/details\/9\/43.html\">Bachstelze<\/a> ( 2)<span class=\"Apple-converted-space\">\u00a0 <\/span>&#8211; 71546 Gro\u00dfaspach b. Backnang<\/li>\n<li><a href=\"https:\/\/www.geschichtsspuren.de\/datenbanken\/luftnachrichten-datenbank\/details\/9\/48.html\">Eppingen<\/a> (2) &#8211; 75031 Rohrbach bei Eppingen<\/li>\n<li><a href=\"https:\/\/www.geschichtsspuren.de\/datenbanken\/luftnachrichten-datenbank\/details\/9\/60.html\">H\u00e4her \/ H\u00e4hnchen<\/a> (1) &#8211; BY, 93155 Hemau b. Regensburg<\/li>\n<li><a href=\"https:\/\/www.geschichtsspuren.de\/datenbanken\/luftnachrichten-datenbank\/details\/9\/52.html\">Laubfrosch<\/a> (1) &#8211; 89584 Altbierlingen bei Ehingen (Zu Ravensburg und Ulm)<\/li>\n<li><a href=\"https:\/\/www.geschichtsspuren.de\/datenbanken\/luftnachrichten-datenbank\/details\/9\/215.html\">M\u00f6ve <\/a>(1) &#8211; 71272 Renningen b Stuttgart<\/li>\n<li><a href=\"https:\/\/www.geschichtsspuren.de\/datenbanken\/luftnachrichten-datenbank\/details\/9\/64.html\">Pfau<\/a> (1) &#8211; 94149 K\u00f6\u00dflarn bei Passau (zu M\u00fchldorf<\/li>\n<li><a href=\"https:\/\/www.geschichtsspuren.de\/datenbanken\/luftnachrichten-datenbank\/details\/9\/39.html\">Widder<\/a> (2) &#8211; 89558 Treffelhausen b. Geislingen\/Steige<\/li>\n<\/ul>\n<p><strong>Vermittlungen \/ Klein-Flukos<\/strong><\/p>\n<p><strong>Fundstellen<\/strong><\/p>\n<ul>\n<li>Karl Otto Hoffmann: Ln. \u2013 Die Geschichte der Luftnachrichtentruppe\n<ul>\n<li>Band 1: Die Anf\u00e4nge von 1935\u20131939, Wuppertal 1965,<\/li>\n<li>Band 2.1: Der Flugmelde- und J\u00e4gerleitdienst 1939\u20131945, Wuppertal 1968<\/li>\n<li>Band 2.2: Drahtnachrichtenverbindung, Richtfunk 1939\u20131945; Wuppertal 1973<\/li>\n<\/ul>\n<\/li>\n<\/ul>\n<p><a href=\"http:\/\/nordwind.info\/wp-content\/uploads\/2017\/09\/Deutschland-Flugmeldedienst-Flugwachen-1939-Band-1-S.-139.jpg\"><img loading=\"lazy\" decoding=\"async\" class=\"alignleft size-full wp-image-1207\" src=\"http:\/\/nordwind.info\/wp-content\/uploads\/2017\/09\/Deutschland-Flugmeldedienst-Flugwachen-1939-Band-1-S.-139.jpg\" alt=\"\" width=\"3840\" height=\"2804\" srcset=\"http:\/\/nordwind.info\/wp-content\/uploads\/2017\/09\/Deutschland-Flugmeldedienst-Flugwachen-1939-Band-1-S.-139.jpg 3840w, http:\/\/nordwind.info\/wp-content\/uploads\/2017\/09\/Deutschland-Flugmeldedienst-Flugwachen-1939-Band-1-S.-139-300x219.jpg 300w, http:\/\/nordwind.info\/wp-content\/uploads\/2017\/09\/Deutschland-Flugmeldedienst-Flugwachen-1939-Band-1-S.-139-768x561.jpg 768w, http:\/\/nordwind.info\/wp-content\/uploads\/2017\/09\/Deutschland-Flugmeldedienst-Flugwachen-1939-Band-1-S.-139-1024x748.jpg 1024w\" sizes=\"auto, (max-width: 3840px) 100vw, 3840px\" \/><\/a><\/p>\n<p>Hoffmann, Band 1, Seite 139, (\u00dcbersichtskarte)<\/p>\n<ul>\n<li><b>Augsburg (Aug)<\/b><\/li>\n<li>Aug 0 &#8211; Augsburg<\/li>\n<\/ul>\n<p>&nbsp;<\/p>\n<ul>\n<li><b>Donaueschingen (Don)<\/b><\/li>\n<li>Don 0 &#8211; Donaueschingen<\/li>\n<\/ul>\n<p>&nbsp;<\/p>\n<ul>\n<li><b>Insbruck (Ins)<\/b><\/li>\n<li>Ins 0 &#8211; Insbruck<\/li>\n<\/ul>\n<p>&nbsp;<\/p>\n<ul>\n<li><b>Kempten (Kem)<\/b><\/li>\n<li>Kem 0 &#8211; Kempten<\/li>\n<li>Kem ? &#8211; Knottenried &#8211; <a href=\"https:\/\/de.wikipedia.org\/wiki\/Knottenried_(Immenstadt_im_Allg%C3%A4u)\">Wiki<\/a><\/li>\n<li>Kem ? &#8211; Oberreitnau<\/li>\n<\/ul>\n<p>&nbsp;<\/p>\n<ul>\n<li><b>M\u00fchldorf (Mld)<\/b><\/li>\n<li>M\u00fchldorf (Mld)<\/li>\n<\/ul>\n<p>&nbsp;<\/p>\n<ul>\n<li><b>M\u00fcnchen (M\u00fcn)<\/b><\/li>\n<li>M\u00fcn 0 &#8211; M\u00fcnchen (M\u00fcn)<\/li>\n<li>M\u00fc 21 &#8211; Vierkirchen<\/li>\n<\/ul>\n<p>&nbsp;<\/p>\n<ul>\n<li><b>Passau (Pas)<\/b><\/li>\n<li>Pas 0 &#8211; Passau (Pas)<\/li>\n<\/ul>\n<p>&nbsp;<\/p>\n<ul>\n<li><b>Ravensburg (Rav)<\/b><\/li>\n<li>Rav 0\u00a0&#8211; Ravensburg<\/li>\n<\/ul>\n<p>&nbsp;<\/p>\n<ul>\n<li><b>Regensburg (Reg)<\/b><\/li>\n<li>Reg 0 &#8211; Regensburg (Reg)<\/li>\n<\/ul>\n<p>&nbsp;<\/p>\n<ul>\n<li><b>Flugwachkommando Stuttgart (Stg)<\/b><\/li>\n<li>Stg 0 &#8211; Stuttgart<\/li>\n<li>Stg &#8211; <a href=\"http:\/\/location-x.info\/?page_id=7161\">Aichelberg<\/a><\/li>\n<li>Stg &#8211; <a href=\"http:\/\/location-x.info\/?page_id=7163\">Alpirsbach<\/a><\/li>\n<li>Stg &#8211; <a href=\"http:\/\/location-x.info\/?page_id=7165\">Aulendorf<\/a><\/li>\n<li>Stg &#8211; <a href=\"http:\/\/location-x.info\/?page_id=7167\">Besenfeld<\/a><\/li>\n<li>Stg &#8211; <a href=\"http:\/\/location-x.info\/?page_id=7170\">Buoch<\/a><\/li>\n<li>Stg &#8211; <a href=\"http:\/\/location-x.info\/?page_id=7172\">Calw<\/a><\/li>\n<li>Stg &#8211; <a href=\"http:\/\/location-x.info\/?page_id=7174\">Dennach<\/a><\/li>\n<li>Stg &#8211; <a href=\"http:\/\/location-x.info\/?page_id=7176\">Flacht<\/a><\/li>\n<li>Stg &#8211; <a href=\"http:\/\/location-x.info\/?page_id=7178\">Freudenstadt<\/a><\/li>\n<li>Stg &#8211; <a href=\"http:\/\/location-x.info\/?page_id=7180\">Friedrichshafen<\/a><\/li>\n<li>Stg &#8211; <a href=\"http:\/\/location-x.info\/?page_id=7182\">Heilbronn<\/a><\/li>\n<li>Stg &#8211; <a href=\"http:\/\/location-x.info\/?page_id=7184\">Herrenberg<\/a><\/li>\n<li>Stg &#8211; <a href=\"http:\/\/location-x.info\/?page_id=7186\">Hohenasperg<\/a><\/li>\n<li>Stg &#8211; <a href=\"http:\/\/location-x.info\/?page_id=7188\">Lauterbach<\/a><\/li>\n<li>Stg &#8211; <a href=\"http:\/\/location-x.info\/?page_id=7190\">Lichtenstein<\/a><\/li>\n<li>Stg &#8211; <a href=\"http:\/\/location-x.info\/?page_id=7192\">M\u00fchlacker<\/a><\/li>\n<li>Stg &#8211; <a href=\"http:\/\/location-x.info\/?page_id=7192\">Plattenhardt<\/a><\/li>\n<li>Stg &#8211; <a href=\"http:\/\/location-x.info\/?page_id=7196\">Rottenburg<\/a><\/li>\n<li>Stg &#8211; <a href=\"http:\/\/location-x.info\/?page_id=7198\">Singen<\/a><\/li>\n<li>Stg &#8211; <a href=\"http:\/\/location-x.info\/?page_id=7200\">Stockheim<\/a><\/li>\n<li>Stg &#8211; <a href=\"http:\/\/location-x.info\/?page_id=7202\">Talheim<\/a><\/li>\n<li>Stg &#8211; <a href=\"http:\/\/location-x.info\/?page_id=7204\">Waldburg<\/a><\/li>\n<li>Stg &#8211; <a href=\"http:\/\/location-x.info\/?page_id=7206\">Winterlingen<\/a><\/li>\n<\/ul>\n<p>&nbsp;<\/p>\n<ul>\n<li><b>Traunstein (Traun)<\/b><\/li>\n<li>Traun 0 &#8211; Traunstein<\/li>\n<\/ul>\n<p>&nbsp;<\/p>\n<ul>\n<li><b>Ulm (Ulm)<\/b><\/li>\n<li>Ulm 0\u00a0&#8211; Ulm<\/li>\n<li>Ulm 2 &#8211; <a href=\"http:\/\/location-x.info\/?page_id=5305\">Aalen<\/a><\/li>\n<\/ul>\n<p>&nbsp;<\/p>\n<ul>\n<li>Auf dem H\u00f6henr\u00fccken zwischen Knottenried und Reute wurde vor dem <a href=\"https:\/\/de.wikipedia.org\/wiki\/Zweiter_Weltkrieg\">2. Weltkrieg<\/a> \u2013 vermutlich 1938\/1939 &#8211; eine von 23 Flugwachen des Flugwachenkommando (Fluko) Kempten errichtet. Diese bestand im Wesentlichen aus einem Postenstand mit Horcheinrichtung, Fernsprechstelle, Bereitschaftsraum und einer Melderose. Der Wachposten musste \u00fcberfliegende Flugzeuge per Fernsprecher an das Fluko Kempten melden. Die Flugwache wurde mit ortsans\u00e4ssigen Soldaten, ab 1943 mit <a href=\"https:\/\/de.wikipedia.org\/wiki\/Luftwaffenhelfer\">Luftwaffenhelferinnen<\/a> besetzt. Die Helferinnen waren im Saal des Knottenrieder Gasthauses \u201eZur Rose\u201c einquartiert. Die Flugwache Knottenried wurde laut Eintrag im Kriegstagebuch des Fluko Kempten am 13. Oktober 1944 aufgel\u00f6st. Die \u00dcberreste der Flugwache wurden 1945 durch die Gemeinde versteigert.<sup>[37]<\/sup><\/li>\n<\/ul>\n<p><a href=\"#\">Nach oben<\/a><\/p>\n","protected":false},"excerpt":{"rendered":"<p>Flugwachkommandos Augsburg (Aug) Donaueschingen (Don) Insbruck (Ins) Kempten (Kem) M\u00fchldorf (Mld) M\u00fcnchen (M\u00fcn) Passau (Pas) Ravensburg (Rav) Stuttgart (Stg)\u00a0\u2013 Traunstein (Traun) Ulm (Ulm) Karte Google Map Luftnachrichten-Einheiten Luftgau-Nachrichten-Regiment VII \u2013 M\u00fcnchen (Augsburg) Funkmess-Stellungen Bachstelze ( 2)\u00a0 &#8211; 71546 Gro\u00dfaspach b. &hellip; <a href=\"http:\/\/nordwind.info\/?page_id=12067\">Weiterlesen <span class=\"meta-nav\">&rarr;<\/span><\/a><\/p>\n","protected":false},"author":1,"featured_media":0,"parent":12397,"menu_order":0,"comment_status":"closed","ping_status":"closed","template":"","meta":{"footnotes":""},"class_list":["post-12067","page","type-page","status-publish","hentry"],"_links":{"self":[{"href":"http:\/\/nordwind.info\/index.php?rest_route=\/wp\/v2\/pages\/12067","targetHints":{"allow":["GET"]}}],"collection":[{"href":"http:\/\/nordwind.info\/index.php?rest_route=\/wp\/v2\/pages"}],"about":[{"href":"http:\/\/nordwind.info\/index.php?rest_route=\/wp\/v2\/types\/page"}],"author":[{"embeddable":true,"href":"http:\/\/nordwind.info\/index.php?rest_route=\/wp\/v2\/users\/1"}],"replies":[{"embeddable":true,"href":"http:\/\/nordwind.info\/index.php?rest_route=%2Fwp%2Fv2%2Fcomments&post=12067"}],"version-history":[{"count":9,"href":"http:\/\/nordwind.info\/index.php?rest_route=\/wp\/v2\/pages\/12067\/revisions"}],"predecessor-version":[{"id":12498,"href":"http:\/\/nordwind.info\/index.php?rest_route=\/wp\/v2\/pages\/12067\/revisions\/12498"}],"up":[{"embeddable":true,"href":"http:\/\/nordwind.info\/index.php?rest_route=\/wp\/v2\/pages\/12397"}],"wp:attachment":[{"href":"http:\/\/nordwind.info\/index.php?rest_route=%2Fwp%2Fv2%2Fmedia&parent=12067"}],"curies":[{"name":"wp","href":"https:\/\/api.w.org\/{rel}","templated":true}]}}