{"id":12016,"date":"2023-12-07T05:26:41","date_gmt":"2023-12-07T05:26:41","guid":{"rendered":"http:\/\/nordwind.info\/?page_id=12016"},"modified":"2025-11-18T04:38:03","modified_gmt":"2025-11-18T04:38:03","slug":"11-hannover","status":"publish","type":"page","link":"http:\/\/nordwind.info\/?page_id=12016","title":{"rendered":"11 Hannover"},"content":{"rendered":"<ul>\n<li><strong>Flugwachkommandos<\/strong>\n<ul>\n<li style=\"list-style-type: none;\">\n<ul>\n<li style=\"list-style-type: none;\">\n<ul>\n<li style=\"list-style-type: none;\">\n<ul>\n<li><a href=\"http:\/\/nordwind.info\/?page_id=4098\">Bremen (Bre)<\/a> &#8211; 22 Fluwa,<\/li>\n<li><a href=\"https:\/\/nordwind.info\/?page_id=13168\">Brunsb\u00fcttel (Bub)<\/a> &#8211; 10 Fluwa,<\/li>\n<li><a href=\"http:\/\/nordwind.info\/?page_id=11736\">Cuxhaven (Cux)<\/a>\u00a0&#8211; Marine<\/li>\n<li><a href=\"http:\/\/nordwind.info\/?page_id=11727\">Hamburg (Hbg)<\/a> &#8211;<\/li>\n<li><a href=\"http:\/\/nordwind.info\/?page_id=9310\">Hannover (Han)<\/a> &#8211; 40 Fluwa, K\u00f6nigliches Residenz-Schlo\u00df<\/li>\n<li>Kiel (Ki) &#8211; 22 Fluwa,<\/li>\n<li>L\u00fcbeck (L\u00fcb) &#8211; 6 Fluwa ?,<\/li>\n<li>Magdeburg (Mbg) &#8211; 14 Fluwa ?,<\/li>\n<li>Nieb\u00fcll (Nie) &#8211; 17 Fluwa,<\/li>\n<li>Schleswig (\u015aw) &#8211; 15 Fluwa,<\/li>\n<li>Stendal (Sten) &#8211; ?<\/li>\n<\/ul>\n<\/li>\n<\/ul>\n<\/li>\n<\/ul>\n<\/li>\n<\/ul>\n<\/li>\n<\/ul>\n<p><strong>Karte<\/strong><\/p>\n<div id=\"mapp0_layout\" class=\"mapp-layout\" style=\"width: 640px; \"><div id=\"mapp0_links\" class=\"mapp-map-links\"><\/div><div id=\"mapp0_dialog\" class=\"mapp-dialog\"><\/div><div id=\"mapp0\" class=\"mapp-canvas\" style=\"width: 100%; height: 480px; \"><\/div><div id=\"mapp0_directions\" class=\"mapp-directions\" style=\"width:100%\"><\/div><div id=\"mapp0_poi_list\" class=\"mapp-poi-list\" style=\"width:100%\"><\/div><\/div>\n<p>Google<\/p>\n<ul>\n<li><strong>Luftnachrichten-Einheiten<\/strong>\n<ul>\n<li style=\"list-style-type: none;\">\n<ul>\n<li style=\"list-style-type: none;\">\n<ul>\n<li style=\"list-style-type: none;\">\n<ul>\n<li><a href=\"https:\/\/www.lexikon-der-wehrmacht.de\/Gliederungen\/LuftgauNachrichtenReg\/LgNachRgt11.htm\">Luftgau-Nachrichten-Regiment 11<\/a> \u2013 Hannover<\/li>\n<li><a href=\"http:\/\/www.ww2.dk\/ground\/ln\/ln202.html\">Ln-Rgt 202<\/a> &#8211; 10\/42 &#8211; 09\/44<\/li>\n<li><a href=\"http:\/\/www.ww2.dk\/ground\/ln\/ln232.html\">Ln-Rgt 232<\/a> &#8211; 09\/44 &#8211; 05\/45<\/li>\n<\/ul>\n<\/li>\n<\/ul>\n<\/li>\n<\/ul>\n<\/li>\n<\/ul>\n<\/li>\n<\/ul>\n<ul>\n<li><b>Funkmess-Stellungen<\/b>\n<ul>\n<li style=\"list-style-type: none;\">\n<ul>\n<li style=\"list-style-type: none;\">\n<ul>\n<li style=\"list-style-type: none;\">\n<ul>\n<li><a href=\"https:\/\/www.geschichtsspuren.de\/datenbanken\/luftnachrichten-datenbank\/details\/9\/37.html\">Ferkel <\/a>(2) \u2013 SH, Petersdorf \/ Schlagsdorf Insel Fehmarn, <a href=\"http:\/\/www.ww2.dk\/ground\/ln\/ln232.html\">LN-Rgt 232<\/a><\/li>\n<li><a href=\"https:\/\/www.geschichtsspuren.de\/datenbanken\/luftnachrichten-datenbank\/details\/9\/78.html\">Fliege<\/a> (1) &#8211; ST &#8211; 39359 Wegenstedt od Etingen bei Oebisfelde (zu Magdeburg)<\/li>\n<li><a href=\"https:\/\/www.geschichtsspuren.de\/datenbanken\/luftnachrichten-datenbank\/details\/9\/31.html\">Hummel<\/a> (1) &#8211; NI &#8211; 21220 Ramelsloh, NI<\/li>\n<li><a href=\"https:\/\/www.geschichtsspuren.de\/datenbanken\/luftnachrichten-datenbank\/details\/9\/24.html\">Hummer<\/a> (1) &#8211; SH &#8211; Helgoland<\/li>\n<li>Hummel A &#8211;\u00a0<a href=\"http:\/\/location-x.info\/?page_id=7006\">Hoisdorf<\/a><\/li>\n<li>Hummel B &#8211; <a href=\"http:\/\/location-x.info\/?page_id=7018\">Ramelsloh<\/a><\/li>\n<li>Hummel C &#8211; <a href=\"http:\/\/location-x.info\/?page_id=7024\">Gl\u00fcckstadt<\/a><\/li>\n<li><a href=\"https:\/\/www.geschichtsspuren.de\/datenbanken\/luftnachrichten-datenbank\/details\/9\/86.html\">Kiebitz C<\/a> &#8211; SH, 24802 Klein Vollstedt, Emkendorf, LK Rendsburg-Eckernf\u00f6rde,<\/li>\n<li><a href=\"https:\/\/www.geschichtsspuren.de\/datenbanken\/luftnachrichten-datenbank\/details\/9\/85.html\">Kuckuck<\/a> &#8211; NI &#8211; Bertensch (b Cuxhaven) &#8211; <a href=\"https:\/\/www.festungswerke-cuxhaven.de\/stellung-kuckuck\">Festung Cuxhaven<\/a><\/li>\n<li><a href=\"https:\/\/www.geschichtsspuren.de\/datenbanken\/luftnachrichten-datenbank\/details\/9\/4.html\">Panther<\/a> (79) \u2013 NI &#8211; Alvesse<\/li>\n<li><a href=\"https:\/\/www.geschichtsspuren.de\/datenbanken\/luftnachrichten-datenbank\/details\/9\/25.html\">Pelikan<\/a> (3) &#8211; SH, 25826 St. Peter-Ording, LK Nordfriesland<\/li>\n<li><a href=\"https:\/\/www.geschichtsspuren.de\/datenbanken\/luftnachrichten-datenbank\/details\/9\/21.html\">Puma \/ 2A<span class=\"Apple-converted-space\">\u00a0<\/span><\/a> &#8211; (2) &#8211; SH, 24616 Brokstedt, LK Steinburg,<\/li>\n<li><a href=\"https:\/\/www.geschichtsspuren.de\/datenbanken\/luftnachrichten-datenbank\/details\/9\/54.html\">Steinbock<\/a> (1) &#8211; NI &#8211; Winzlar<\/li>\n<li><a href=\"https:\/\/www.geschichtsspuren.de\/datenbanken\/luftnachrichten-datenbank\/details\/9\/29.html\">Wal<\/a> (2) &#8211; NI &#8211; 26486 Wagerooge<\/li>\n<li><a href=\"https:\/\/www.geschichtsspuren.de\/datenbanken\/luftnachrichten-datenbank\/details\/9\/2.html\">Zebra<\/a> (2) &#8211; NI &#8211; Pr\u00f6psten b. Fallingbostel (heute W\u00fcstung (Sperrgebiet)<\/li>\n<\/ul>\n<\/li>\n<\/ul>\n<\/li>\n<\/ul>\n<\/li>\n<\/ul>\n<\/li>\n<\/ul>\n<ul>\n<li><b>Vermittlungen \/Klein-Fluko<\/b>\n<ul>\n<li style=\"list-style-type: none;\">\n<ul>\n<li style=\"list-style-type: none;\">\n<ul>\n<li style=\"list-style-type: none;\">\n<ul>\n<li>Bassum<\/li>\n<li>Steinhude<\/li>\n<li>Fallingbostel<\/li>\n<li>Heide<\/li>\n<li>Husum (Nieb\u00fcll)<\/li>\n<li>Pellworm (Nieb\u00fcll)<\/li>\n<li>Rendsburg,<span class=\"Apple-converted-space\">\u00a0<\/span><\/li>\n<li>Oldenburg,<span class=\"Apple-converted-space\">\u00a0<\/span><\/li>\n<li>Burg,<span class=\"Apple-converted-space\">\u00a0<\/span><\/li>\n<li>Neum\u00fcnster<\/li>\n<li>Bad Segeberg\u00a0(HH5-7)<\/li>\n<li>Hoisdorf\u00a0(HH)<\/li>\n<li>Hitfeld\u00a0(HH)<\/li>\n<li>Neum\u00fcnster\u00a0(HH1-5, 35)<\/li>\n<li>Flensburg<\/li>\n<\/ul>\n<\/li>\n<\/ul>\n<\/li>\n<\/ul>\n<\/li>\n<\/ul>\n<\/li>\n<\/ul>\n<ul>\n<li style=\"list-style-type: none;\"><\/li>\n<\/ul>\n<p><a href=\"http:\/\/nordwind.info\/wp-content\/uploads\/2017\/09\/Deutschland-Flugmeldedienst-Flugwachen-1939-Band-1-S.-139.jpg\"><img loading=\"lazy\" decoding=\"async\" class=\"alignleft size-full wp-image-1207\" src=\"http:\/\/nordwind.info\/wp-content\/uploads\/2017\/09\/Deutschland-Flugmeldedienst-Flugwachen-1939-Band-1-S.-139.jpg\" alt=\"\" width=\"3840\" height=\"2804\" srcset=\"http:\/\/nordwind.info\/wp-content\/uploads\/2017\/09\/Deutschland-Flugmeldedienst-Flugwachen-1939-Band-1-S.-139.jpg 3840w, http:\/\/nordwind.info\/wp-content\/uploads\/2017\/09\/Deutschland-Flugmeldedienst-Flugwachen-1939-Band-1-S.-139-300x219.jpg 300w, http:\/\/nordwind.info\/wp-content\/uploads\/2017\/09\/Deutschland-Flugmeldedienst-Flugwachen-1939-Band-1-S.-139-768x561.jpg 768w, http:\/\/nordwind.info\/wp-content\/uploads\/2017\/09\/Deutschland-Flugmeldedienst-Flugwachen-1939-Band-1-S.-139-1024x748.jpg 1024w\" sizes=\"auto, (max-width: 3840px) 100vw, 3840px\" \/><\/a><\/p>\n<p>Hoffmann, Band 1, Seite 139, (\u00dcbersichtskarte)<\/p>\n<div class=\"entry-content\">\n<ul>\n<li><strong>Flugwachkommando Bremen (Bre)<\/strong>\n<ul>\n<li style=\"list-style-type: none;\">\n<ul>\n<li style=\"list-style-type: none;\">\n<ul>\n<li style=\"list-style-type: none;\">\n<ul>\n<li>Amtsgeb\u00e4ude des ehem. Reichsbahn-Betriebsamtes Bremen<\/li>\n<li>Bahnhofsplatz 16, Bremen<\/li>\n<li>Flugmelde-Res. Kp 9\/11, Bremen<\/li>\n<\/ul>\n<\/li>\n<\/ul>\n<\/li>\n<\/ul>\n<\/li>\n<\/ul>\n<\/li>\n<li>Flugwachen:\n<ul>\n<li style=\"list-style-type: none;\">\n<ul>\n<li style=\"list-style-type: none;\">\n<ul>\n<li style=\"list-style-type: none;\">\n<ul>\n<li>Bre 0 &#8211; Bremen<\/li>\n<li>Bre 1 &#8211;\u00a0Wallh\u00f6fen<\/li>\n<li>Bre 2 &#8211; Gnarrenburg<\/li>\n<li>Bre 3 &#8211; Hoysinghausen<\/li>\n<li>Bre 4 &#8211; Barenburg<\/li>\n<li>Bre 5 &#8211; <a href=\"http:\/\/nordwind.info\/?page_id=11748\">Sulingen<\/a> &#8211;<\/li>\n<li>Bre 6 &#8211; Harmhausen<\/li>\n<li>Bre 7 &#8211; Twistringen<\/li>\n<li>Bre 8 &#8211; Colnrade<\/li>\n<li>Bre 9 &#8211; S\u00fcdlohne<\/li>\n<li>Bre 10 &#8211; Vechta<\/li>\n<li>Bre 11 &#8211; Visbek<\/li>\n<li>Bre 12 &#8211; unbekannt<\/li>\n<li>Bre 13 &#8211; Ahlhorn<\/li>\n<li>Bre 14 &#8211; Hengstlage<\/li>\n<li>Bre 15 &#8211; Tungeln<\/li>\n<li>Bre 16 &#8211; Alexanderheide<\/li>\n<li>Bre 17 &#8211; Altenhuntorf<\/li>\n<li>Bre 18 &#8211; Elsfleth<\/li>\n<li>Bre 19 &#8211; Brake<\/li>\n<li>Bre 20 &#8211; Uthlede<\/li>\n<li>Bre 21 &#8211; Finna, Harrendorf (Hagen im Bremischen)<\/li>\n<li>Bre 22 &#8211; Dinklage<\/li>\n<\/ul>\n<\/li>\n<\/ul>\n<\/li>\n<\/ul>\n<\/li>\n<\/ul>\n<\/li>\n<\/ul>\n<ul>\n<li>Recherche: \u00a0 \u00a0 2014 erschien der erste Band der Reihe mit dem Titel \u201eFlugwache Bremen 11 in Visbek\u201c. Hierbei handelt es sich um die \u201e\u00dcbersetzung\u201c der drei Tageb\u00fccher vom Gerhard Engelmann, dem Leiter der Flugwache Bremen 11, die in einem Bunker auf dem Erlter Esch in Visbek von 1932 bis 1945 stationiert war.<\/li>\n<\/ul>\n<p><strong>Lage<\/strong><\/p>\n<\/div>\n<div id=\"mapp1_layout\" class=\"mapp-layout\" style=\"width: 640px; \"><div id=\"mapp1_links\" class=\"mapp-map-links\"><\/div><div id=\"mapp1_dialog\" class=\"mapp-dialog\"><\/div><div id=\"mapp1\" class=\"mapp-canvas\" style=\"width: 100%; height: 700px; \"><\/div><div id=\"mapp1_directions\" class=\"mapp-directions\" style=\"width:100%\"><\/div><div id=\"mapp1_poi_list\" class=\"mapp-poi-list\" style=\"width:100%\"><\/div><\/div>\n<p>Auszug Google Maps<\/p>\n<ul>\n<li><b>Flugwachkommando Brunsb\u00fcttel (Bub)<\/b><\/li>\n<li>Flugwachen:\n<ul>\n<li style=\"list-style-type: none;\">\n<ul>\n<li style=\"list-style-type: none;\">\n<ul>\n<li style=\"list-style-type: none;\">\n<ul>\n<li>Bub 0 &#8211; Brunsb\u00fcttel<\/li>\n<li>Bub 1 &#8211; Burg (Dithmarschen)<\/li>\n<li>Bub 2 &#8211; Wilster<\/li>\n<li>Bub 3 &#8211; Kaiser-Wilhelm-Koog<\/li>\n<li>Bub 4 &#8211; Friedrichskoog<\/li>\n<li>Bub 5 &#8211; B\u00fcsum<\/li>\n<li>Bub 6 &#8211; Wesselburenerkook<\/li>\n<li>Bub 7 &#8211; St. Peter<\/li>\n<li>Bub 8 &#8211; Westerhever<\/li>\n<li>Bub 9 &#8211; Weddingstedt<\/li>\n<\/ul>\n<\/li>\n<\/ul>\n<\/li>\n<\/ul>\n<\/li>\n<\/ul>\n<\/li>\n<\/ul>\n<p>&nbsp;<\/p>\n<ul>\n<li><b>Flugwachkommando Cuxhaven (Cux)<\/b><\/li>\n<li>Flugwachen:\n<ul>\n<li style=\"list-style-type: none;\">\n<ul>\n<li style=\"list-style-type: none;\">\n<ul>\n<li style=\"list-style-type: none;\">\n<ul>\n<li>Cux 0 &#8211; Cuxhaven<\/li>\n<li>Cux ? &#8211; Bederkesa<\/li>\n<li>Cux ? &#8211; Nordholz<\/li>\n<li>Cux ? &#8211; Altenbruch ?<\/li>\n<\/ul>\n<\/li>\n<\/ul>\n<\/li>\n<\/ul>\n<\/li>\n<\/ul>\n<\/li>\n<\/ul>\n<p>&nbsp;<\/p>\n<ul>\n<li><b>Flugwachkommando Hamburg<\/b><\/li>\n<li>Flugwachen:\n<ul>\n<li style=\"list-style-type: none;\">\n<ul>\n<li style=\"list-style-type: none;\">\n<ul>\n<li style=\"list-style-type: none;\">\n<ul>\n<li>Hbg 0 &#8211; Hamburg<\/li>\n<li>Hbg 1 &#8211;\u00a0Bargstedt<\/li>\n<li>Hbg 2 &#8211;\u00a0Prehnfeld<\/li>\n<li>Hbg 3 &#8211;\u00a0Boostedt, Hamwohrberg, \u00dcbungsplatz<\/li>\n<li>Hbg 4 &#8211;\u00a0Rickling<\/li>\n<li>Hbg 5 &#8211; Blunk<\/li>\n<li>Hbg 6 &#8211; Garbeck<\/li>\n<li>Hbg 7 &#8211; Geschendorf<\/li>\n<li>Hbg 8 &#8211;<\/li>\n<li>Hbg 9 &#8211;<span class=\"Apple-converted-space\">\u00a0<\/span><\/li>\n<li>Hbg 10 &#8211;<\/li>\n<li>Hbg 11 &#8211;<\/li>\n<li>Hbg 31 &#8211; Gl\u00fcckstadt<\/li>\n<li>Hbg 32 &#8211; Krempe<\/li>\n<li>Hbg 33 &#8211; Itzehoe<\/li>\n<li>Hbp 34 &#8211; Kellinghusen (Luisenberger Turm)<\/li>\n<li>Hbg 35 &#8211; Osau oder Brokstedt<\/li>\n<li>Hbg ?? &#8211; Munster (\u00d6rtze)<\/li>\n<li>Hbg ?? &#8211; Soltau nicht best\u00e4tigt<\/li>\n<li>Hbg 56 &#8211; Bargstedt<\/li>\n<li>??? &#8211; Bordelum<\/li>\n<li>??? &#8211; Brokstedt<\/li>\n<li>??? &#8211; Westergellersen<\/li>\n<li>??? &#8211; Stade<span class=\"Apple-converted-space\">\u00a0<\/span><\/li>\n<li>??? &#8211; Tostergope<\/li>\n<\/ul>\n<\/li>\n<\/ul>\n<\/li>\n<\/ul>\n<\/li>\n<\/ul>\n<\/li>\n<\/ul>\n<ul>\n<li><strong>Flugwachkommando Hannover (Han)<\/strong><\/li>\n<li>Ortslage\/LK:\n<ul>\n<li style=\"list-style-type: none;\">\n<ul>\n<li style=\"list-style-type: none;\">\n<ul>\n<li style=\"list-style-type: none;\">\n<ul>\n<li>K\u00f6nigliches Residenz-Schl0\u00df<\/li>\n<\/ul>\n<\/li>\n<\/ul>\n<\/li>\n<\/ul>\n<\/li>\n<\/ul>\n<\/li>\n<li>Nutzungen: \u00a0 <a href=\"http:\/\/www.lexikon-der-wehrmacht.de\/Gliederungen\/LuftgauNachrichtenReg\/LgNachRgt11.htm\">LnRgt 11 \u2013 Hannover<\/a>\n<ul>\n<li style=\"list-style-type: none;\">\n<ul>\n<li style=\"list-style-type: none;\">\n<ul>\n<li style=\"list-style-type: none;\">\n<ul>\n<li><a href=\"http:\/\/www.ww2.dk\/ground\/ln\/ln202.html\">Ln-Rgt 202<\/a> &#8211; 10\/42 &#8211; 09\/44<\/li>\n<li><a href=\"http:\/\/www.ww2.dk\/ground\/ln\/ln232.html\">Ln-Rgt 232<\/a> &#8211; 09\/44 &#8211; 05\/45<\/li>\n<\/ul>\n<\/li>\n<\/ul>\n<\/li>\n<\/ul>\n<\/li>\n<\/ul>\n<\/li>\n<li>Klein-Fluko: Fallingbostel, Steinhude<\/li>\n<li>Flugwachen: Han 0 &#8211; Hannover\n<ul>\n<li style=\"list-style-type: none;\">\n<ul>\n<li style=\"list-style-type: none;\">\n<ul>\n<li style=\"list-style-type: none;\">\n<ul>\n<li>Han 1 &#8211; Buchholz<\/li>\n<li>Han 2 &#8211; Hornbostel<\/li>\n<li>\n<div>Han 3 &#8211; Wolthausen<\/div>\n<\/li>\n<li>Han 4 &#8211; Celle<\/li>\n<li>Han 5 &#8211; Wathlingen<\/li>\n<li>\n<div>Han 6 &#8211; Hildesheim<\/div>\n<\/li>\n<li>Han 7 &#8211; Barfelde<\/li>\n<li>Han 8 &#8211; Esbeck<\/li>\n<li>Han 9 &#8211; Coppenbr\u00fcgge<\/li>\n<li>Han 10 &#8211; Welliehausen<\/li>\n<li>Han 11 &#8211; Lauenau, H\u00f6he NN 142&#8243; oberhalb des &#8222;Scheunenfeld&#8220;<\/li>\n<li>Han 12 &#8211; Stadthagen<\/li>\n<li>Han 13 &#8211; <a href=\"http:\/\/nordwind.info\/?page_id=11624\">Bergkirchen<\/a> &#8211;<\/li>\n<li>Han 14 &#8211; Rehburg<\/li>\n<li>Han 15 &#8211; Hagen<\/li>\n<li>Han 16 &#8211; Niedernst\u00f6cken<\/li>\n<li>Han 17 &#8211; Gandersheim<\/li>\n<li>Han 18 &#8211; Brunsen<\/li>\n<li>Han 19 &#8211; Vorwohe<\/li>\n<li>Han 20 &#8211; Stadtoldendorf<\/li>\n<li>Han 21 &#8211; Ottenstein<\/li>\n<li>Han 22 &#8211; Latferde \/ B\u00f6rry<\/li>\n<li>Han 23 &#8211; Gro\u00df Berkel<\/li>\n<li>Han 24 &#8211; Hemeringen<\/li>\n<li>Han 25 &#8211; Silinxen<\/li>\n<li>Han 26 &#8211; Kalldorf<\/li>\n<li>Han 27 &#8211; Bad Oeynhausen<\/li>\n<li>Han 28 &#8211; Hausberge<\/li>\n<li>Han 29 &#8211; Wietersheim<\/li>\n<li>Han 30 &#8211; <a href=\"http:\/\/nordwind.info\/?page_id=11620\">H\u00e4vern<\/a> &#8211;<\/li>\n<li>Han 31 &#8211; Stolzenau<\/li>\n<li>Han 32 &#8211; <a href=\"http:\/\/nordwind.info\/?page_id=11657\">Liebenau<\/a> &#8211;<\/li>\n<li>Han 33 &#8211; <a href=\"https:\/\/nordwind.info\/?page_id=13106\">Nienburg<\/a> &#8211;<\/li>\n<li>Han 34 &#8211; <a href=\"http:\/\/nordwind.info\/?page_id=10896\">Rohrsen<\/a> &#8211;<\/li>\n<li>Han 35 &#8211; Rethem<\/li>\n<li>Han 36 &#8211; <a href=\"http:\/\/nordwind.info\/?page_id=11641\">Hollige<\/a> &#8211;<\/li>\n<li>Han 37 &#8211; Walsrode<\/li>\n<li>Han 38 &#8211; <a href=\"http:\/\/nordwind.info\/?page_id=11476\">Dorfmark<\/a> &#8211;<\/li>\n<li>Han 39 &#8211; Wardb\u00f6hmen<\/li>\n<li>Han 40 &#8211; Bergen<\/li>\n<\/ul>\n<\/li>\n<\/ul>\n<\/li>\n<\/ul>\n<\/li>\n<\/ul>\n<\/li>\n<\/ul>\n<p><strong>\u00dcbersichtskarte<\/strong><\/p>\n<div id=\"mapp2_layout\" class=\"mapp-layout\" style=\"width: 640px; \"><div id=\"mapp2_links\" class=\"mapp-map-links\"><\/div><div id=\"mapp2_dialog\" class=\"mapp-dialog\"><\/div><div id=\"mapp2\" class=\"mapp-canvas\" style=\"width: 100%; height: 700px; \"><\/div><div id=\"mapp2_directions\" class=\"mapp-directions\" style=\"width:100%\"><\/div><div id=\"mapp2_poi_list\" class=\"mapp-poi-list\" style=\"width:100%\"><\/div><\/div>\n<p>Auszug Google Maps<\/p>\n<p>&nbsp;<\/p>\n<ul>\n<li><b>Flugwachkommando Kiel (Ki)<\/b><\/li>\n<li>Flzugwachen:\n<ul>\n<li style=\"list-style-type: none;\">\n<ul>\n<li style=\"list-style-type: none;\">\n<ul>\n<li style=\"list-style-type: none;\">\n<ul>\n<li>Ki 0 &#8211; Kiel<\/li>\n<li>Ki 1 &#8211;\u00a0\u00a0Damp<\/li>\n<li>Ki 2\u00a0&#8211; Waabs, Kronsberg, Gutshofes Sophienhof, L26<\/li>\n<li>Ki 3\u00a0&#8211; Eckernf\u00f6rde<\/li>\n<li>Ki 4\u00a0&#8211; D\u00e4nisch-Nienhof<\/li>\n<li>Ki 5 &#8211; B\u00fclk<\/li>\n<li>Ki 6 &#8211; Kaltenhof<\/li>\n<li>Ki 7 &#8211; Laboe<\/li>\n<li>Ki 8 &#8211; Sch\u00f6nberg<\/li>\n<li>Ki 9 &#8211; L\u00fctjenburg<\/li>\n<li>Ki 10 &#8211; Todendorf<\/li>\n<li>Ki 11 &#8211; D\u00f6hnsdorf<\/li>\n<li>Ki 12 &#8211; Johannisthal<\/li>\n<li>Ki 13 &#8211; Heiligenhafen<\/li>\n<li>Ki 14 &#8211; Fl\u00fcge (Fehmarn)<\/li>\n<li>Ki 15 &#8211; Westermakelsdorf (Fehmarn)<\/li>\n<li>Ki 16 &#8211; Burg (Fehmarn)<\/li>\n<li>Ki 17 &#8211; Staberdorf (Fehmarn)<\/li>\n<li>Ki 18 &#8211; Bokelholm<\/li>\n<li>Ki 19 &#8211; Rendsburg<\/li>\n<li>Ki 20 &#8211; Fockbeck<\/li>\n<li>Ki 21 &#8211; Lohe<\/li>\n<\/ul>\n<\/li>\n<\/ul>\n<\/li>\n<\/ul>\n<\/li>\n<\/ul>\n<\/li>\n<\/ul>\n<ul>\n<li><b>Flugwachkommando L\u00fcbeck (L\u00fcb)<\/b><b><\/b><\/li>\n<li>Flugwachen;\n<ul>\n<li style=\"list-style-type: none;\">\n<ul>\n<li style=\"list-style-type: none;\">\n<ul>\n<li style=\"list-style-type: none;\">\n<ul>\n<li>L\u00fcb 0 &#8211; L\u00fcbeck<\/li>\n<li>L\u00fcb 1 &#8211; S\u00fcssau<\/li>\n<li>L\u00fcb 2 &#8211; Dahme, Dahmesh\u00f6ved (ehem. Marinestation)<\/li>\n<li>L\u00fcb 3 &#8211; Gr\u00f6mitz<\/li>\n<li>L\u00fcb 4 &#8211; Neustadt\/Holstein<\/li>\n<li>L\u00fcb 5 &#8211; Scharbeutz<\/li>\n<\/ul>\n<\/li>\n<\/ul>\n<\/li>\n<\/ul>\n<\/li>\n<\/ul>\n<\/li>\n<\/ul>\n<ul>\n<li><b>Flugwachkommando Magdeburg (Mbg)<\/b><\/li>\n<li>Flugwachen:\n<ul>\n<li style=\"list-style-type: none;\">\n<ul>\n<li style=\"list-style-type: none;\">\n<ul>\n<li style=\"list-style-type: none;\">\n<ul>\n<li>Mbg 0 &#8211; Magdeburg<\/li>\n<li>Mbg 1 &#8211;<\/li>\n<li>Mbg 2 &#8211;<\/li>\n<li>Mbg 3 &#8211;<\/li>\n<li>Mbg 4 &#8211; Altengrabow<\/li>\n<li>Mbg 5 &#8211; Loburg<\/li>\n<li>Mbg 6 &#8211; Lindau<\/li>\n<li>Mbg 7 &#8211; Ballenst\u00e4dt<\/li>\n<li>Mbg 8 &#8211; Hazgerode<\/li>\n<li>Mbg 9 &#8211; Quedlinburg<\/li>\n<li>Mbg 10 &#8211; Halberstadt<span class=\"Apple-converted-space\">\u00a0<\/span><\/li>\n<li>Mbg 11 &#8211; Schwanebeck<\/li>\n<li>Mbg 12 &#8211; Oschersleben<\/li>\n<li>Mbg 13 &#8211; Beckendorf<\/li>\n<li>Mbg 14 &#8211; Eilsleben<\/li>\n<\/ul>\n<\/li>\n<\/ul>\n<\/li>\n<\/ul>\n<\/li>\n<\/ul>\n<\/li>\n<\/ul>\n<p>&nbsp;<\/p>\n<ul>\n<li><b>Flugwachkommando Nieb\u00fcll (Nie)<\/b><\/li>\n<li>Flugwachen:\n<ul>\n<li style=\"list-style-type: none;\">\n<ul>\n<li style=\"list-style-type: none;\">\n<ul>\n<li style=\"list-style-type: none;\">\n<ul>\n<li>Nie 0 &#8211; Nieb\u00fcll<\/li>\n<li>Nie 1 &#8211; Leck<\/li>\n<li>NIe 2 &#8211; Stadum<\/li>\n<li>Nie 3 &#8211; Husum<\/li>\n<li>Nie 4 &#8211; Nordstrand<\/li>\n<li>Nie 5 &#8211; Pellworm<\/li>\n<li>Nie 6 &#8211; Hallig Hooge<\/li>\n<li>Nie 7 &#8211; Norderh\u00f6rn (Langene\u00df)<\/li>\n<li>Nie 8 &#8211; Wittd\u00fcn (Amrum(<\/li>\n<li>Nie 9 &#8211; Wyk auf F\u00f6hr<\/li>\n<li>Nie 10 &#8211; H\u00f6rnum (Sylt)<\/li>\n<li>Nie 11 &#8211; Osterende (Sylt)<\/li>\n<li>Nie 12 &#8211; Westerland (Sylt)<\/li>\n<li>Nie 13 &#8211; List (Sylt)<\/li>\n<li>Nie 14 &#8211; Klanxb\u00fcll<\/li>\n<li>Nie 15 &#8211; Dageb\u00fcll<\/li>\n<li>Nie 16 &#8211; Stollberg<\/li>\n<li>Nie ??? &#8211; Schob\u00fcll ????<\/li>\n<\/ul>\n<\/li>\n<\/ul>\n<\/li>\n<\/ul>\n<\/li>\n<\/ul>\n<\/li>\n<\/ul>\n<ul>\n<li><b>Flugwachkommando Schleswig (SW)<\/b><\/li>\n<li>Flugwachen:\n<ul>\n<li style=\"list-style-type: none;\">\n<ul>\n<li style=\"list-style-type: none;\">\n<ul>\n<li style=\"list-style-type: none;\">\n<ul>\n<li>\u015aw 0 &#8211; Schleswig<\/li>\n<li>Sw 1 &#8211; Wallsb\u00fcll<\/li>\n<li>Sw 2 &#8211; Handewitt<\/li>\n<li>Sw 3 &#8211; Flensburg<\/li>\n<li>Sw 4 &#8211; Holnis<\/li>\n<li>Sw 5 &#8211; Westerholz<\/li>\n<li>Sw 6 &#8211; Nordgaardholz<\/li>\n<li>Sw 7 &#8211; Pommerby<\/li>\n<li>\u015aw 8 &#8211; Maasholm<\/li>\n<li>Sw 9 &#8211; Brodersby<\/li>\n<li>\u015aw 10 &#8211; Rantum<\/li>\n<li>Sw 11 &#8211;<span class=\"Apple-converted-space\">\u00a0 <\/span>Mildstedt<\/li>\n<li>Sw 12 &#8211; Silberstedt, J\u00fcbeker Chaussee.<\/li>\n<li>Sw 13 &#8211; Schuby ???<\/li>\n<li>\u015aw 14 &#8211; B\u00f6klund<\/li>\n<li>Sw 15 &#8211; S\u00f6rup<\/li>\n<\/ul>\n<\/li>\n<\/ul>\n<\/li>\n<\/ul>\n<\/li>\n<\/ul>\n<\/li>\n<\/ul>\n<ul>\n<li><b>Flugwachkommando Stendal (Sten)<\/b><\/li>\n<li>Flugwachen:\n<ul>\n<li style=\"list-style-type: none;\">\n<ul>\n<li style=\"list-style-type: none;\">\n<ul>\n<li style=\"list-style-type: none;\">\n<ul>\n<li>Sten 0 &#8211; Stendal<\/li>\n<\/ul>\n<\/li>\n<\/ul>\n<\/li>\n<\/ul>\n<\/li>\n<\/ul>\n<\/li>\n<\/ul>\n<p><a href=\"#\">Nach oben<\/a><\/p>\n","protected":false},"excerpt":{"rendered":"<p>Flugwachkommandos Bremen (Bre) &#8211; 22 Fluwa, Brunsb\u00fcttel (Bub) &#8211; 10 Fluwa, Cuxhaven (Cux)\u00a0&#8211; Marine Hamburg (Hbg) &#8211; Hannover (Han) &#8211; 40 Fluwa, K\u00f6nigliches Residenz-Schlo\u00df Kiel (Ki) &#8211; 22 Fluwa, L\u00fcbeck (L\u00fcb) &#8211; 6 Fluwa ?, Magdeburg (Mbg) &#8211; 14 Fluwa &hellip; <a href=\"http:\/\/nordwind.info\/?page_id=12016\">Weiterlesen <span class=\"meta-nav\">&rarr;<\/span><\/a><\/p>\n","protected":false},"author":1,"featured_media":0,"parent":12397,"menu_order":0,"comment_status":"closed","ping_status":"closed","template":"","meta":{"footnotes":""},"class_list":["post-12016","page","type-page","status-publish","hentry"],"_links":{"self":[{"href":"http:\/\/nordwind.info\/index.php?rest_route=\/wp\/v2\/pages\/12016","targetHints":{"allow":["GET"]}}],"collection":[{"href":"http:\/\/nordwind.info\/index.php?rest_route=\/wp\/v2\/pages"}],"about":[{"href":"http:\/\/nordwind.info\/index.php?rest_route=\/wp\/v2\/types\/page"}],"author":[{"embeddable":true,"href":"http:\/\/nordwind.info\/index.php?rest_route=\/wp\/v2\/users\/1"}],"replies":[{"embeddable":true,"href":"http:\/\/nordwind.info\/index.php?rest_route=%2Fwp%2Fv2%2Fcomments&post=12016"}],"version-history":[{"count":51,"href":"http:\/\/nordwind.info\/index.php?rest_route=\/wp\/v2\/pages\/12016\/revisions"}],"predecessor-version":[{"id":14247,"href":"http:\/\/nordwind.info\/index.php?rest_route=\/wp\/v2\/pages\/12016\/revisions\/14247"}],"up":[{"embeddable":true,"href":"http:\/\/nordwind.info\/index.php?rest_route=\/wp\/v2\/pages\/12397"}],"wp:attachment":[{"href":"http:\/\/nordwind.info\/index.php?rest_route=%2Fwp%2Fv2%2Fmedia&parent=12016"}],"curies":[{"name":"wp","href":"https:\/\/api.w.org\/{rel}","templated":true}]}}