{"id":10550,"date":"2021-07-30T04:00:47","date_gmt":"2021-07-30T04:00:47","guid":{"rendered":"http:\/\/nordwind.info\/?page_id=10550"},"modified":"2023-02-08T05:59:36","modified_gmt":"2023-02-08T05:59:36","slug":"edc-am-schluesselband","status":"publish","type":"page","link":"http:\/\/nordwind.info\/?page_id=10550","title":{"rendered":"eGCA am Schl\u00fcsselband"},"content":{"rendered":"<p>Das Neueste aus der Abteilung Q:<\/p>\n<p>Wir kennen das: Die Ausr\u00fcstung w\u00e4chst mit den Aufgaben und l\u00e4ngst ziehen wir mit einer gut durchdachten Ausr\u00fcstung im Rucksack oder Tasche auf Tour. Und wenn wir ehrlich sind, macht die Zusammenstellung der eigenen Ausr\u00fcstung doch irgendwie Spa\u00df. Zugegeben, f\u00fcr viele Geocaches ben\u00f6tigt man nur eine Minimalausr\u00fcstung, die sich gut aus Miniaturtools f\u00fcr das Schl\u00fcsselbund zusammenstellen l\u00e4sst. Geb\u00fcndelt an einem Schl\u00fcsselband entsteht so ein ganz individuelles EDC (Everyday Carry) f\u00fcrs Geocaching, das mit Sicherheit schnell ein st\u00e4ndiger Begleiter auf Euren Touren wird. Wie das Ganze dann aussehen k\u00f6nnte, seht ihr auf dem Foto.<\/p>\n<p><a href=\"http:\/\/nordwind.info\/wp-content\/uploads\/2021\/07\/Tool-EDC.jpg\"><img loading=\"lazy\" decoding=\"async\" class=\"alignright size-large wp-image-10544\" src=\"http:\/\/nordwind.info\/wp-content\/uploads\/2021\/07\/Tool-EDC-1024x768.jpg\" alt=\"\" width=\"640\" height=\"480\" srcset=\"http:\/\/nordwind.info\/wp-content\/uploads\/2021\/07\/Tool-EDC-1024x768.jpg 1024w, http:\/\/nordwind.info\/wp-content\/uploads\/2021\/07\/Tool-EDC-300x225.jpg 300w, http:\/\/nordwind.info\/wp-content\/uploads\/2021\/07\/Tool-EDC-768x576.jpg 768w, http:\/\/nordwind.info\/wp-content\/uploads\/2021\/07\/Tool-EDC.jpg 1280w\" sizes=\"auto, (max-width: 640px) 100vw, 640px\" \/><\/a><\/p>\n<p>Die einzelnen Komponeneten (im Uhrzeigersinn):<\/p>\n<ul>\n<li><strong>Taschenmesser <\/strong>&#8211; Enth\u00e4lt: Stift, Pinzette, Messer und Schere<\/li>\n<li><strong>Papierklemme <\/strong>&#8211; Ideal f\u00fcr: Logaufkleber, senilen Zettel)<\/li>\n<li><strong>Taschenlampe<\/strong> &#8211; Um mal schnell was auszuleuchten.<\/li>\n<li><strong>MicNo Beh\u00e4lter<\/strong> &#8211; \u00a0f\u00fcr z.B. Pinzette, Geldschein, Magnet mit Schnur.<\/li>\n<li><strong>Mini-Multitool<\/strong> &#8211; \u00a0 Schlitz\/Kreuzschlitz, Messer, Flaschen\u00f6ffner, LED-Lampe<\/li>\n<li><strong>Kugelschreiber<\/strong> &#8211; Der Troika hat cm-Skala, Touch-Pen, Schraubenzieher<\/li>\n<li><strong>Schl\u00fcsselband<\/strong> &#8211; Mit Aufdruck habt Ihr gleich ein Namenschild mit TB-Nummer<\/li>\n<\/ul>\n<p style=\"text-align: justify;\">Weniger ist mehr? Selbstverst\u00e4ndlich k\u00f6nnt Ihr einzelne Komponente weglassen, falls sie nicht gew\u00fcnscht werden. Mit den von mir genannten Teilen liegt der Komplettpreis bei etwa 80,00 Euro. Es lohnt sich, verschiedene Anbieter zu vergleichen; die Preisunterschiede waren doch enorm.<\/p>\n<p>Nun viel Spa\u00df beim Nachbau<\/p>\n<p>&nbsp;<\/p>\n<p><strong>St\u00fcckliste mit\u00a0<\/strong><span style=\"color: #000000;\"><span style=\"caret-color: #000000;\"><b>Bezugsquelle<\/b><\/span><\/span><\/p>\n<ul>\n<li>Taschenmesser, <a href=\"https:\/\/www.amazon.de\/Victorinox-Taschenmesser-Signature-Funktionen-Kugelschreiber\/dp\/B000MLXUZE\/ref=sr_1_4?__mk_de_DE=\u00c5M\u00c5\u017d\u00d5\u00d1&amp;dchild=1&amp;keywords=victorinox+taschenmesser+mit+stift&amp;qid=1627529963&amp;sr=8-4\">Victorinox Signature<\/a><\/li>\n<li>Papierklemme, diverse Modelle\/Anbieter<\/li>\n<li>Taschenlampe, diverse Modelle\/Anbieter, \u00a0<a href=\"https:\/\/www.amazon.de\/FENIX-E12R4BK-B-Fenix-E12-039-180\/dp\/B00I14HLLS\/ref=sr_1_31?__mk_de_DE=\u00c5M\u00c5\u017d\u00d5\u00d1&amp;crid=BJ5VUWU150J4&amp;dchild=1&amp;keywords=fenix+taschenlampe&amp;qid=1627529775&amp;sprefix=fenix+%2Caps%2C211&amp;sr=8-31\">Fenix E12<\/a><\/li>\n<li>Beh\u00e4lter, <a href=\"https:\/\/geoversand24.de\/detail\/index\/sArticle\/2694\">MicNo XXL<\/a><\/li>\n<li>Mini-Multitool, <a href=\"https:\/\/www.amazon.de\/gp\/product\/B07924N6V4\/ref=ppx_yo_dt_b_asin_image_o02_s00?ie=UTF8&amp;psc=1\">Top Spirit<\/a><\/li>\n<li>Kugelschreiber, \u00a0<a href=\"https:\/\/www.amazon.de\/dp\/B0191RRWPI\/?coliid=I31F56JRA7DH5V&amp;colid=2W6MH04K3A8QC&amp;psc=1&amp;ref_=lv_ov_lig_dp_it\">Troika<\/a><\/li>\n<li>Schl\u00fcsselband, diverse Anbieter<\/li>\n<\/ul>\n<p>&nbsp;<\/p>\n<p>&nbsp;<\/p>\n<p>&nbsp;<\/p>\n<p>&nbsp;<\/p>\n<p>&nbsp;<\/p>\n","protected":false},"excerpt":{"rendered":"<p>Das Neueste aus der Abteilung Q: Wir kennen das: Die Ausr\u00fcstung w\u00e4chst mit den Aufgaben und l\u00e4ngst ziehen wir mit einer gut durchdachten Ausr\u00fcstung im Rucksack oder Tasche auf Tour. Und wenn wir ehrlich sind, macht die Zusammenstellung der eigenen &hellip; <a href=\"http:\/\/nordwind.info\/?page_id=10550\">Weiterlesen <span class=\"meta-nav\">&rarr;<\/span><\/a><\/p>\n","protected":false},"author":1,"featured_media":0,"parent":6,"menu_order":0,"comment_status":"closed","ping_status":"closed","template":"","meta":{"footnotes":""},"class_list":["post-10550","page","type-page","status-publish","hentry"],"_links":{"self":[{"href":"http:\/\/nordwind.info\/index.php?rest_route=\/wp\/v2\/pages\/10550","targetHints":{"allow":["GET"]}}],"collection":[{"href":"http:\/\/nordwind.info\/index.php?rest_route=\/wp\/v2\/pages"}],"about":[{"href":"http:\/\/nordwind.info\/index.php?rest_route=\/wp\/v2\/types\/page"}],"author":[{"embeddable":true,"href":"http:\/\/nordwind.info\/index.php?rest_route=\/wp\/v2\/users\/1"}],"replies":[{"embeddable":true,"href":"http:\/\/nordwind.info\/index.php?rest_route=%2Fwp%2Fv2%2Fcomments&post=10550"}],"version-history":[{"count":9,"href":"http:\/\/nordwind.info\/index.php?rest_route=\/wp\/v2\/pages\/10550\/revisions"}],"predecessor-version":[{"id":11156,"href":"http:\/\/nordwind.info\/index.php?rest_route=\/wp\/v2\/pages\/10550\/revisions\/11156"}],"up":[{"embeddable":true,"href":"http:\/\/nordwind.info\/index.php?rest_route=\/wp\/v2\/pages\/6"}],"wp:attachment":[{"href":"http:\/\/nordwind.info\/index.php?rest_route=%2Fwp%2Fv2%2Fmedia&parent=10550"}],"curies":[{"name":"wp","href":"https:\/\/api.w.org\/{rel}","templated":true}]}}